CRAN Package Check Results for Package mirt

Last updated on 2024-02-25 21:49:39 CET.

Flavor Version Tinstall Tcheck Ttotal Status Flags
r-devel-linux-x86_64-debian-clang 1.41 163.20 268.02 431.22 OK
r-devel-linux-x86_64-debian-gcc 1.41 127.73 194.82 322.55 OK
r-devel-linux-x86_64-fedora-clang 1.41 560.20 OK
r-devel-linux-x86_64-fedora-gcc 1.41 591.25 OK
r-devel-windows-x86_64 1.41 117.00 227.00 344.00 OK
r-patched-linux-x86_64 1.41 155.64 258.21 413.85 OK
r-release-linux-x86_64 1.41 154.38 258.39 412.77 OK
r-release-macos-arm64 1.41 141.00 NOTE
r-release-macos-x86_64 1.41 313.00 NOTE
r-release-windows-x86_64 1.41 156.00 292.00 448.00 OK
r-oldrel-macos-arm64 1.41 115.00 NOTE
r-oldrel-windows-x86_64 1.41 148.00 272.00 420.00 OK

Check Details

Version: 1.41
Check: installed package size
Result: NOTE installed size is 9.0Mb sub-directories of 1Mb or more: R 2.1Mb libs 6.3Mb Flavors: r-release-macos-arm64, r-release-macos-x86_64, r-oldrel-macos-arm64