CRAN Package Check Results for Package misreport

Last updated on 2021-12-02 15:52:45 CET.

Flavor Version Tinstall Tcheck Ttotal Status Flags
r-devel-linux-x86_64-debian-clang 0.1.1 4.40 30.79 35.19 OK --no-vignettes
r-devel-linux-x86_64-debian-gcc 0.1.1 3.10 24.24 27.34 OK --no-vignettes
r-devel-linux-x86_64-fedora-clang 0.1.1 1022.16 NOTE
r-devel-linux-x86_64-fedora-gcc 0.1.1 1028.64 OK
r-devel-windows-x86_64-new-UL 0.1.1 9.00 70.00 79.00 OK --no-vignettes
r-devel-windows-x86_64-new-TK 0.1.1 OK --no-vignettes
r-devel-windows-x86_64-old 0.1.1 7.00 37.00 44.00 OK --no-vignettes
r-patched-linux-x86_64 0.1.1 4.17 30.11 34.28 OK --no-vignettes
r-patched-solaris-x86 0.1.1 64.90 OK
r-release-linux-x86_64 0.1.1 3.67 30.58 34.25 OK --no-vignettes
r-release-macos-arm64 0.1.1 OK
r-release-macos-x86_64 0.1.1 OK
r-release-windows-ix86+x86_64 0.1.1 8.00 33.00 41.00 OK --no-vignettes
r-oldrel-macos-x86_64 0.1.1 OK
r-oldrel-windows-ix86+x86_64 0.1.1 8.00 46.00 54.00 OK --no-vignettes

Check Details

Version: 0.1.1
Check: Rd cross-references
Result: NOTE
    Undeclared package ‘list’ in Rd xrefs
Flavor: r-devel-linux-x86_64-fedora-clang