CRAN Package Check Results for Package missCompare

Last updated on 2021-08-02 13:55:22 CEST.

Flavor Version Tinstall Tcheck Ttotal Status Flags
r-devel-linux-x86_64-debian-clang 1.0.3 21.39 283.02 304.41 OK
r-devel-linux-x86_64-debian-gcc 1.0.3 18.57 213.07 231.64 OK
r-devel-linux-x86_64-fedora-clang 1.0.3 369.34 OK
r-devel-linux-x86_64-fedora-gcc 1.0.3 361.25 OK
r-devel-windows-x86_64 1.0.3 68.00 395.00 463.00 OK
r-devel-windows-x86_64-gcc10-UCRT 1.0.3 OK
r-patched-linux-x86_64 1.0.3 OK
r-patched-solaris-x86 1.0.3 574.70 OK
r-release-linux-x86_64 1.0.3 20.56 272.91 293.47 OK
r-release-macos-arm64 1.0.3 ERROR
r-release-macos-x86_64 1.0.3 OK
r-release-windows-ix86+x86_64 1.0.3 50.00 392.00 442.00 OK
r-oldrel-macos-x86_64 1.0.3 OK
r-oldrel-windows-ix86+x86_64 1.0.3 54.00 418.00 472.00 OK

Check Details

Version: 1.0.3
Check: package dependencies
Result: ERROR
    Package required but not available: ‘pcaMethods’
    
    See section ‘The DESCRIPTION file’ in the ‘Writing R Extensions’
    manual.
Flavor: r-release-macos-arm64