CRAN Package Check Results for Package missForest

Last updated on 2021-09-21 16:51:34 CEST.

Flavor Version Tinstall Tcheck Ttotal Status Flags
r-devel-linux-x86_64-debian-clang 1.4 2.73 26.54 29.27 NOTE
r-devel-linux-x86_64-debian-gcc 1.4 2.00 21.13 23.13 NOTE
r-devel-linux-x86_64-fedora-clang 1.4 44.60 NOTE
r-devel-linux-x86_64-fedora-gcc 1.4 33.62 NOTE
r-devel-windows-x86_64 1.4 4.00 32.00 36.00 NOTE
r-devel-windows-x86_64-gcc10-UCRT 1.4 ERROR
r-patched-linux-x86_64 1.4 4.67 25.70 30.37 NOTE
r-patched-solaris-x86 1.4 51.60 NOTE
r-release-linux-x86_64 1.4 2.80 25.68 28.48 NOTE
r-release-macos-arm64 1.4 NOTE
r-release-macos-x86_64 1.4 NOTE
r-release-windows-ix86+x86_64 1.4 6.00 30.00 36.00 NOTE
r-oldrel-macos-x86_64 1.4 NOTE
r-oldrel-windows-ix86+x86_64 1.4 6.00 34.00 40.00 NOTE

Check Details

Version: 1.4
Check: R code for possible problems
Result: NOTE
    missForest: no visible global function definition for 'predict'
    missForest: no visible global function definition for 'idiv'
    missForest: no visible global function definition for 'var'
    nrmse: no visible global function definition for 'var'
    Undefined global functions or variables:
     idiv predict var
    Consider adding
     importFrom("stats", "predict", "var")
    to your NAMESPACE file.
Flavors: r-devel-linux-x86_64-debian-clang, r-devel-linux-x86_64-debian-gcc, r-devel-linux-x86_64-fedora-clang, r-devel-linux-x86_64-fedora-gcc, r-devel-windows-x86_64, r-devel-windows-x86_64-gcc10-UCRT, r-patched-linux-x86_64, r-patched-solaris-x86, r-release-linux-x86_64, r-release-macos-arm64, r-release-macos-x86_64, r-release-windows-ix86+x86_64, r-oldrel-macos-x86_64, r-oldrel-windows-ix86+x86_64

Version: 1.4
Check: whether package can be installed
Result: WARN
    Found the following significant warnings:
     WARNING: installation-time patches will not be applied, could not get the patches index
Flavor: r-devel-windows-x86_64-gcc10-UCRT

Version: 1.4
Check: PDF version of manual
Result: WARN
    LaTeX errors when creating PDF version.
    This typically indicates Rd problems.
Flavor: r-devel-windows-x86_64-gcc10-UCRT

Version: 1.4
Check: PDF version of manual without hyperrefs or index
Result: ERROR
    Re-running with no redirection of stdout/stderr.
Flavor: r-devel-windows-x86_64-gcc10-UCRT