CRAN Package Check Results for Package missMDA

Last updated on 2024-07-22 22:56:28 CEST.

Flavor Version Tinstall Tcheck Ttotal Status Flags
r-devel-linux-x86_64-debian-clang 1.19 18.31 140.34 158.65 OK
r-devel-linux-x86_64-debian-gcc 1.19 13.41 103.92 117.33 NOTE
r-devel-linux-x86_64-fedora-clang 1.19 207.98 OK
r-devel-linux-x86_64-fedora-gcc 1.19 198.26 OK
r-devel-windows-x86_64 1.19 17.00 124.00 141.00 NOTE
r-patched-linux-x86_64 1.19 20.85 136.84 157.69 OK
r-release-linux-x86_64 1.19 12.03 133.50 145.53 OK
r-release-macos-arm64 1.19 58.00 OK
r-release-macos-x86_64 1.19 87.00 OK
r-release-windows-x86_64 1.19 17.00 121.00 138.00 OK
r-oldrel-macos-arm64 1.19 65.00 OK
r-oldrel-macos-x86_64 1.19 115.00 OK
r-oldrel-windows-x86_64 1.19 22.00 144.00 166.00 OK

Check Details

Version: 1.19
Check: Rd cross-references
Result: NOTE Found the following Rd file(s) with Rd \link{} targets missing package anchors: MIFAMD.Rd: with.mids, pool, summary.mira MIMCA.Rd: with.mids, pool, summary.mira MIPCA.Rd: with.mids, pool, summary.mira prelim.Rd: with.mids, pool, summary.mira Please provide package anchors for all Rd \link{} targets not in the package itself and the base packages. Flavors: r-devel-linux-x86_64-debian-gcc, r-devel-windows-x86_64