Last updated on 2023-12-10 21:49:19 CET.
Flavor | Version | Tinstall | Tcheck | Ttotal | Status | Flags |
---|---|---|---|---|---|---|
r-devel-linux-x86_64-debian-clang | 1.0.4 | 114.59 | 362.28 | 476.87 | OK | |
r-devel-linux-x86_64-debian-gcc | 1.0.4 | 93.86 | 264.18 | 358.04 | OK | |
r-devel-linux-x86_64-fedora-clang | 1.0.4 | 662.34 | OK | |||
r-devel-linux-x86_64-fedora-gcc | 1.0.4 | 625.15 | OK | |||
r-devel-windows-x86_64 | 1.0.4 | 97.00 | 322.00 | 419.00 | OK | |
r-patched-linux-x86_64 | 1.0.4 | 89.53 | 349.15 | 438.68 | OK | |
r-release-linux-x86_64 | 1.0.4 | 86.34 | 343.83 | 430.17 | OK | |
r-release-macos-arm64 | 1.0.4 | 192.00 | NOTE | |||
r-release-macos-x86_64 | 1.0.4 | 409.00 | NOTE | |||
r-release-windows-x86_64 | 1.0.4 | 130.00 | 406.00 | 536.00 | OK | |
r-oldrel-macos-arm64 | 1.0.4 | 196.00 | NOTE | |||
r-oldrel-macos-x86_64 | 1.0.3 | 239.00 | NOTE | |||
r-oldrel-windows-x86_64 | 1.0.4 | 124.00 | 394.00 | 518.00 | OK |
Version: 1.0.4
Check: installed package size
Result: NOTE
installed size is 6.8Mb
sub-directories of 1Mb or more:
libs 4.7Mb
Flavors: r-release-macos-arm64, r-release-macos-x86_64, r-oldrel-macos-arm64
Version: 1.0.3
Check: installed package size
Result: NOTE
installed size is 7.1Mb
sub-directories of 1Mb or more:
libs 5.1Mb
Flavor: r-oldrel-macos-x86_64