CRAN Package Check Results for Package mistat

Last updated on 2021-08-04 10:52:07 CEST.

Flavor Version Tinstall Tcheck Ttotal Status Flags
r-devel-linux-x86_64-debian-clang 2.0.3 4.66 67.39 72.05 OK
r-devel-linux-x86_64-debian-gcc 2.0.3 3.37 52.40 55.77 OK
r-devel-linux-x86_64-fedora-clang 2.0.3 96.28 NOTE
r-devel-linux-x86_64-fedora-gcc 2.0.3 85.22 NOTE
r-devel-windows-x86_64 2.0.3 6.00 107.00 113.00 OK
r-devel-windows-x86_64-gcc10-UCRT 2.0.3 NOTE
r-patched-linux-x86_64 2.0.3 5.52 65.28 70.80 OK
r-patched-solaris-x86 2.0.3 126.60 NOTE
r-release-linux-x86_64 2.0.3 4.15 65.17 69.32 OK
r-release-macos-arm64 2.0.3 NOTE
r-release-macos-x86_64 2.0.3 NOTE
r-release-windows-ix86+x86_64 2.0.3 9.00 79.00 88.00 OK
r-oldrel-macos-x86_64 2.0.3 NOTE
r-oldrel-windows-ix86+x86_64 2.0.3 8.00 106.00 114.00 OK

Check Details

Version: 2.0.3
Check: dependencies in R code
Result: NOTE
    Namespace in Imports field not imported from: ‘grDevices’
     All declared Imports should be used.
Flavors: r-devel-linux-x86_64-fedora-clang, r-devel-linux-x86_64-fedora-gcc, r-devel-windows-x86_64-gcc10-UCRT, r-patched-solaris-x86, r-release-macos-arm64, r-release-macos-x86_64, r-oldrel-macos-x86_64