CRAN Package Check Results for Package mixedCCA

Last updated on 2021-09-22 16:50:01 CEST.

Flavor Version Tinstall Tcheck Ttotal Status Flags
r-devel-linux-x86_64-debian-clang 1.4.6 41.38 80.78 122.16 NOTE
r-devel-linux-x86_64-debian-gcc 1.4.6 30.13 61.36 91.49 NOTE
r-devel-linux-x86_64-fedora-clang 1.4.6 165.75 NOTE
r-devel-linux-x86_64-fedora-gcc 1.4.6 149.47 NOTE
r-devel-windows-x86_64 1.4.6 44.00 81.00 125.00 NOTE
r-devel-windows-x86_64-gcc10-UCRT 1.4.6 ERROR
r-patched-linux-x86_64 1.4.6 37.06 77.76 114.82 NOTE
r-patched-solaris-x86 1.4.6 203.60 NOTE
r-release-linux-x86_64 1.4.6 36.55 77.75 114.30 NOTE
r-release-macos-arm64 1.4.6 NOTE
r-release-macos-x86_64 1.4.6 NOTE
r-release-windows-ix86+x86_64 1.4.6 93.00 105.00 198.00 NOTE
r-oldrel-macos-x86_64 1.4.6 NOTE
r-oldrel-windows-ix86+x86_64 1.4.6 67.00 102.00 169.00 NOTE

Check Details

Version: 1.4.6
Check: LazyData
Result: NOTE
     'LazyData' is specified without a 'data' directory
Flavors: r-devel-linux-x86_64-debian-clang, r-devel-linux-x86_64-debian-gcc, r-devel-linux-x86_64-fedora-clang, r-devel-linux-x86_64-fedora-gcc, r-devel-windows-x86_64, r-patched-linux-x86_64, r-patched-solaris-x86, r-release-linux-x86_64, r-release-macos-arm64, r-release-macos-x86_64, r-release-windows-ix86+x86_64

Version: 1.4.6
Check: installed package size
Result: NOTE
     installed size is 5.2Mb
     sub-directories of 1Mb or more:
     R 4.1Mb
     libs 1.0Mb
Flavors: r-devel-linux-x86_64-fedora-clang, r-devel-windows-x86_64, r-release-macos-arm64, r-release-macos-x86_64, r-release-windows-ix86+x86_64, r-oldrel-macos-x86_64, r-oldrel-windows-ix86+x86_64

Version: 1.4.6
Check: whether package can be installed
Result: ERROR
    Installation failed.
Flavor: r-devel-windows-x86_64-gcc10-UCRT