CRAN Package Check Results for Package mixexp

Last updated on 2021-12-02 15:52:45 CET.

Flavor Version Tinstall Tcheck Ttotal Status Flags
r-devel-linux-x86_64-debian-clang 1.2.5 11.20 63.34 74.54 OK
r-devel-linux-x86_64-debian-gcc 1.2.5 7.83 49.49 57.32 OK
r-devel-linux-x86_64-fedora-clang 1.2.5 100.66 NOTE
r-devel-linux-x86_64-fedora-gcc 1.2.5 93.97 NOTE
r-devel-windows-x86_64-new-UL 1.2.5 22.00 112.00 134.00 OK
r-devel-windows-x86_64-new-TK 1.2.5 OK
r-devel-windows-x86_64-old 1.2.5 18.00 65.00 83.00 OK
r-patched-linux-x86_64 1.2.5 8.75 61.42 70.17 OK
r-patched-solaris-x86 1.2.5 127.70 OK
r-release-linux-x86_64 1.2.5 10.54 61.26 71.80 OK
r-release-macos-arm64 1.2.5 OK
r-release-macos-x86_64 1.2.5 OK
r-release-windows-ix86+x86_64 1.2.5 22.00 115.00 137.00 OK
r-oldrel-macos-x86_64 1.2.5 OK
r-oldrel-windows-ix86+x86_64 1.2.5 21.00 112.00 133.00 OK

Check Details

Version: 1.2.5
Check: compiled code
Result: NOTE
    File ‘mixexp/libs/mixexp.so’:
     Found no calls to: ‘R_registerRoutines’, ‘R_useDynamicSymbols’
    
    It is good practice to register native routines and to disable symbol
    search.
    
    See ‘Writing portable packages’ in the ‘Writing R Extensions’ manual.
Flavors: r-devel-linux-x86_64-fedora-clang, r-devel-linux-x86_64-fedora-gcc