CRAN Package Check Results for Package mixmeta

Last updated on 2021-10-18 22:56:11 CEST.

Flavor Version Tinstall Tcheck Ttotal Status Flags
r-devel-linux-x86_64-debian-clang 1.1.3 5.42 72.35 77.77 OK
r-devel-linux-x86_64-debian-gcc 1.2.0 5.38 53.06 58.44 OK
r-devel-linux-x86_64-fedora-clang 1.2.0 104.04 NOTE
r-devel-linux-x86_64-fedora-gcc 1.2.0 93.36 OK
r-devel-windows-x86_64 1.1.3 9.00 96.00 105.00 OK
r-devel-windows-x86_64-gcc10-UCRT 1.1.3 OK
r-patched-linux-x86_64 1.1.3 7.42 70.80 78.22 OK
r-patched-solaris-x86 1.2.0 113.10 OK
r-release-linux-x86_64 1.1.3 5.78 70.17 75.95 OK
r-release-macos-arm64 1.1.3 OK
r-release-macos-x86_64 1.2.0 OK
r-release-windows-ix86+x86_64 1.2.0 8.00 65.00 73.00 OK
r-oldrel-macos-x86_64 1.2.0 OK
r-oldrel-windows-ix86+x86_64 1.2.0 8.00 68.00 76.00 OK

Check Details

Version: 1.2.0
Check: Rd cross-references
Result: NOTE
    Undeclared package ‘mvmeta’ in Rd xrefs
Flavor: r-devel-linux-x86_64-fedora-clang