CRAN Package Check Results for Package mixpoissonreg

Last updated on 2021-09-27 04:55:03 CEST.

Flavor Version Tinstall Tcheck Ttotal Status Flags
r-devel-linux-x86_64-debian-clang 1.0.0 16.40 376.00 392.40 OK
r-devel-linux-x86_64-debian-gcc 1.0.0 11.73 270.24 281.97 OK
r-devel-linux-x86_64-fedora-clang 1.0.0 477.09 OK
r-devel-linux-x86_64-fedora-gcc 1.0.0 455.90 OK
r-devel-windows-x86_64 1.0.0 17.00 358.00 375.00 OK
r-devel-windows-x86_64-gcc10-UCRT 1.0.0 OK
r-patched-linux-x86_64 1.0.0 15.24 377.04 392.28 OK
r-patched-solaris-x86 1.0.0 489.10 NOTE
r-release-linux-x86_64 1.0.0 13.72 380.25 393.97 OK
r-release-macos-arm64 1.0.0 OK
r-release-macos-x86_64 1.0.0 OK
r-release-windows-ix86+x86_64 1.0.0 31.00 377.00 408.00 OK
r-oldrel-macos-x86_64 1.0.0 OK
r-oldrel-windows-ix86+x86_64 1.0.0 24.00 401.00 425.00 OK

Check Details

Version: 1.0.0
Check: installed package size
Result: NOTE
     installed size is 5.3Mb
     sub-directories of 1Mb or more:
     doc 4.8Mb
Flavor: r-patched-solaris-x86