CRAN Package Check Results for Package mkde

Last updated on 2021-10-18 22:56:11 CEST.

Flavor Version Tinstall Tcheck Ttotal Status Flags
r-devel-linux-x86_64-debian-clang 0.1 33.67 224.57 258.24 NOTE
r-devel-linux-x86_64-debian-gcc 0.1 30.86 172.87 203.73 NOTE
r-devel-linux-x86_64-fedora-clang 0.1 335.80 NOTE
r-devel-linux-x86_64-fedora-gcc 0.1 320.26 NOTE
r-devel-windows-x86_64 0.1 52.00 269.00 321.00 NOTE
r-devel-windows-x86_64-gcc10-UCRT 0.1 NOTE
r-patched-linux-x86_64 0.1 33.74 229.12 262.86 NOTE
r-patched-solaris-x86 0.1 193.90 NOTE
r-release-linux-x86_64 0.1 32.77 221.68 254.45 NOTE
r-release-macos-arm64 0.1 NOTE
r-release-macos-x86_64 0.1 NOTE
r-release-windows-ix86+x86_64 0.1 58.00 377.00 435.00 NOTE
r-oldrel-macos-x86_64 0.1 NOTE
r-oldrel-windows-ix86+x86_64 0.1 54.00 180.00 234.00 NOTE

Additional issues

clang-UBSAN gcc-UBSAN

Check Details

Version: 0.1
Check: DESCRIPTION meta-information
Result: NOTE
    Malformed Title field: should not end in a period.
Flavors: r-devel-linux-x86_64-debian-clang, r-devel-linux-x86_64-debian-gcc, r-devel-linux-x86_64-fedora-clang, r-devel-linux-x86_64-fedora-gcc, r-devel-windows-x86_64, r-devel-windows-x86_64-gcc10-UCRT, r-patched-linux-x86_64, r-patched-solaris-x86, r-release-linux-x86_64, r-release-macos-arm64, r-release-macos-x86_64, r-release-windows-ix86+x86_64, r-oldrel-macos-x86_64, r-oldrel-windows-ix86+x86_64

Version: 0.1
Check: R code for possible problems
Result: NOTE
    computeContourValues: no visible global function definition for
     'na.omit'
    deselectNonMovementSteps : coOccurProb: no visible global function
     definition for 'dnorm'
    deselectNonMovementSteps: no visible global function definition for
     'pnorm'
    estVarMKDE: no visible global function definition for 'na.omit'
    estVarMKDE: no visible global function definition for 'qnorm'
    estVarMKDE: no visible global function definition for 'optimize'
    plotMKDE: no visible global function definition for 'rainbow'
    Undefined global functions or variables:
     dnorm na.omit optimize pnorm qnorm rainbow
    Consider adding
     importFrom("grDevices", "rainbow")
     importFrom("stats", "dnorm", "na.omit", "optimize", "pnorm", "qnorm")
    to your NAMESPACE file.
Flavors: r-devel-linux-x86_64-debian-clang, r-devel-linux-x86_64-debian-gcc, r-devel-linux-x86_64-fedora-clang, r-devel-linux-x86_64-fedora-gcc, r-devel-windows-x86_64, r-devel-windows-x86_64-gcc10-UCRT, r-patched-linux-x86_64, r-patched-solaris-x86, r-release-linux-x86_64, r-release-macos-arm64, r-release-macos-x86_64, r-release-windows-ix86+x86_64, r-oldrel-macos-x86_64, r-oldrel-windows-ix86+x86_64

Version: 0.1
Check: for non-standard things in the check directory
Result: NOTE
    Found the following files/directories:
     'ascii3d.txt' 'condor_3dMKDE.dat' 'condor_3dMKDE.vtk'
     'condor_3dMKDE.xdmf' 'condor_dem.dat' 'condor_dem.vtk'
     'condor_dem.xdmf' 'condor_locations.vtk' 'condor_path.vtk'
Flavors: r-devel-linux-x86_64-debian-clang, r-devel-linux-x86_64-debian-gcc, r-devel-linux-x86_64-fedora-clang, r-devel-linux-x86_64-fedora-gcc, r-patched-linux-x86_64, r-patched-solaris-x86, r-release-linux-x86_64

Version: 0.1
Check: compiled code
Result: NOTE
    File ‘mkde/libs/mkde.so’:
     Found no calls to: ‘R_registerRoutines’, ‘R_useDynamicSymbols’
    
    It is good practice to register native routines and to disable symbol
    search.
    
    See ‘Writing portable packages’ in the ‘Writing R Extensions’ manual.
Flavors: r-devel-linux-x86_64-fedora-clang, r-devel-linux-x86_64-fedora-gcc