CRAN Package Check Results for Package mkssd

Last updated on 2021-11-30 06:49:30 CET.

Flavor Version Tinstall Tcheck Ttotal Status Flags
r-devel-linux-x86_64-debian-clang 1.1 2.23 19.84 22.07 NOTE
r-devel-linux-x86_64-debian-gcc 1.1 1.48 15.71 17.19 NOTE
r-devel-linux-x86_64-fedora-clang 1.1 37.50 NOTE
r-devel-linux-x86_64-fedora-gcc 1.1 27.02 NOTE
r-devel-windows-x86_64-new-UL 1.1 5.00 49.00 54.00 NOTE
r-devel-windows-x86_64-new-TK 1.1 NOTE
r-devel-windows-x86_64-old 1.1 3.00 25.00 28.00 NOTE
r-patched-linux-x86_64 1.1 2.16 18.92 21.08 NOTE
r-patched-solaris-x86 1.1 43.90 NOTE
r-release-linux-x86_64 1.1 2.16 19.11 21.27 NOTE
r-release-macos-arm64 1.1 NOTE
r-release-macos-x86_64 1.1 NOTE
r-release-windows-ix86+x86_64 1.1 4.00 25.00 29.00 NOTE
r-oldrel-macos-x86_64 1.1 NOTE
r-oldrel-windows-ix86+x86_64 1.1 4.00 24.00 28.00 NOTE

Check Details

Version: 1.1
Check: R code for possible problems
Result: NOTE
    mkssd: no visible global function definition for 'txtProgressBar'
    mkssd: no visible global function definition for 'setTxtProgressBar'
    Undefined global functions or variables:
     setTxtProgressBar txtProgressBar
    Consider adding
     importFrom("utils", "setTxtProgressBar", "txtProgressBar")
    to your NAMESPACE file.
Flavors: r-devel-linux-x86_64-debian-clang, r-devel-linux-x86_64-debian-gcc, r-devel-linux-x86_64-fedora-clang, r-devel-linux-x86_64-fedora-gcc, r-devel-windows-x86_64-new-UL, r-devel-windows-x86_64-new-TK, r-devel-windows-x86_64-old, r-patched-linux-x86_64, r-patched-solaris-x86, r-release-linux-x86_64, r-release-macos-arm64, r-release-macos-x86_64, r-release-windows-ix86+x86_64, r-oldrel-macos-x86_64, r-oldrel-windows-ix86+x86_64