CRAN Package Check Results for Package mldr

Last updated on 2024-06-20 22:50:50 CEST.

Flavor Version Tinstall Tcheck Ttotal Status Flags
r-devel-linux-x86_64-debian-clang 0.4.3 10.30 75.02 85.32 NOTE
r-devel-linux-x86_64-debian-gcc 0.4.3 7.45 64.78 72.23 NOTE
r-devel-linux-x86_64-fedora-clang 0.4.3 120.67 NOTE
r-devel-linux-x86_64-fedora-gcc 0.4.3 130.00 NOTE
r-devel-windows-x86_64 0.4.3 9.00 94.00 103.00 NOTE
r-patched-linux-x86_64 0.4.3 8.44 81.84 90.28 NOTE
r-release-linux-x86_64 0.4.3 6.69 82.82 89.51 NOTE
r-release-macos-arm64 0.4.3 43.00 NOTE
r-release-macos-x86_64 0.4.3 64.00 WARN
r-release-windows-x86_64 0.4.3 9.00 97.00 106.00 NOTE
r-oldrel-macos-arm64 0.4.3 45.00 OK
r-oldrel-macos-x86_64 0.4.3 68.00 OK
r-oldrel-windows-x86_64 0.4.3 11.00 109.00 120.00 OK

Check Details

Version: 0.4.3
Check: Rd files
Result: NOTE checkRd: (-1) mldrGUI.Rd:22-25: Lost braces in \itemize; meant \describe ? checkRd: (-1) mldrGUI.Rd:26-28: Lost braces in \itemize; meant \describe ? checkRd: (-1) mldrGUI.Rd:29: Lost braces in \itemize; meant \describe ? checkRd: (-1) mldrGUI.Rd:30-31: Lost braces in \itemize; meant \describe ? checkRd: (-1) mldrGUI.Rd:32-34: Lost braces in \itemize; meant \describe ? Flavors: r-devel-linux-x86_64-debian-clang, r-devel-linux-x86_64-debian-gcc, r-devel-linux-x86_64-fedora-clang, r-devel-linux-x86_64-fedora-gcc, r-devel-windows-x86_64, r-patched-linux-x86_64, r-release-linux-x86_64, r-release-macos-arm64, r-release-macos-x86_64, r-release-windows-x86_64

Version: 0.4.3
Check: re-building of vignette outputs
Result: WARN Error(s) in re-building vignettes: ... --- re-building ‘mldr.Rnw’ using knitr Error: processing vignette 'mldr.Rnw' failed with diagnostics: Running 'texi2dvi' on 'mldr.tex' failed. LaTeX errors: ! Undefined control sequence. l.215 \hlkwd{install.packages}\hldef {(}\hlsng{"mldr"}\hldef{)} ? ! Emergency stop. ! Emergency stop. l.215 End of file on the terminal! ! ==> Fatal error occurred, no output PDF file produced! --- failed re-building ‘mldr.Rnw’ SUMMARY: processing the following file failed: ‘mldr.Rnw’ Error: Vignette re-building failed. Execution halted Flavor: r-release-macos-x86_64