CRAN Package Check Results for Package mlr3

Last updated on 2021-09-20 19:52:54 CEST.

Flavor Version Tinstall Tcheck Ttotal Status Flags
r-devel-linux-x86_64-debian-clang 0.12.0 29.76 311.09 340.85 OK
r-devel-linux-x86_64-debian-gcc 0.12.0 27.24 225.68 252.92 OK
r-devel-linux-x86_64-fedora-clang 0.12.0 405.21 OK
r-devel-linux-x86_64-fedora-gcc 0.12.0 386.08 OK
r-devel-windows-x86_64 0.12.0 34.00 280.00 314.00 OK
r-devel-windows-x86_64-gcc10-UCRT 0.12.0 ERROR
r-patched-linux-x86_64 0.12.0 43.87 290.29 334.16 OK
r-patched-solaris-x86 0.12.0 485.80 OK
r-release-linux-x86_64 0.12.0 28.23 287.59 315.82 OK
r-release-macos-arm64 0.12.0 OK
r-release-macos-x86_64 0.12.0 OK
r-release-windows-ix86+x86_64 0.12.0 54.00 264.00 318.00 OK
r-oldrel-macos-x86_64 0.12.0 OK
r-oldrel-windows-ix86+x86_64 0.12.0 49.00 262.00 311.00 OK

Check Details

Version: 0.12.0
Check: whether package can be installed
Result: WARN
    Found the following significant warnings:
     WARNING: installation-time patches will not be applied, could not get the patches index
Flavor: r-devel-windows-x86_64-gcc10-UCRT

Version: 0.12.0
Check: PDF version of manual
Result: WARN
    LaTeX errors when creating PDF version.
    This typically indicates Rd problems.
Flavor: r-devel-windows-x86_64-gcc10-UCRT

Version: 0.12.0
Check: PDF version of manual without hyperrefs or index
Result: ERROR
    Re-running with no redirection of stdout/stderr.
Flavor: r-devel-windows-x86_64-gcc10-UCRT