CRAN Package Check Results for Package mlr3verse

Last updated on 2021-07-24 07:49:31 CEST.

Flavor Version Tinstall Tcheck Ttotal Status Flags
r-devel-linux-x86_64-debian-clang 0.2.1 13.61 119.09 132.70 NOTE
r-devel-linux-x86_64-debian-gcc 0.2.1 11.37 91.40 102.77 NOTE
r-devel-linux-x86_64-fedora-clang 0.2.1 167.77 NOTE
r-devel-linux-x86_64-fedora-gcc 0.2.1 157.96 NOTE
r-devel-windows-x86_64 0.2.1 17.00 98.00 115.00 NOTE
r-devel-windows-x86_64-gcc10-UCRT 0.2.1 NOTE
r-patched-linux-x86_64 0.2.1 15.45 113.73 129.18 NOTE
r-patched-solaris-x86 0.2.1 241.90 NOTE
r-release-linux-x86_64 0.2.1 11.25 113.73 124.98 NOTE
r-release-macos-arm64 0.2.1 NOTE
r-release-macos-x86_64 0.2.1 NOTE
r-release-windows-ix86+x86_64 0.2.1 31.00 140.00 171.00 NOTE
r-oldrel-macos-x86_64 0.2.1 OK
r-oldrel-windows-ix86+x86_64 0.2.1 33.00 145.00 178.00 OK

Check Details

Version: 0.2.1
Check: LazyData
Result: NOTE
     'LazyData' is specified without a 'data' directory
Flavors: r-devel-linux-x86_64-debian-clang, r-devel-linux-x86_64-debian-gcc, r-devel-linux-x86_64-fedora-clang, r-devel-linux-x86_64-fedora-gcc, r-devel-windows-x86_64, r-devel-windows-x86_64-gcc10-UCRT, r-patched-linux-x86_64, r-patched-solaris-x86, r-release-linux-x86_64, r-release-macos-arm64, r-release-macos-x86_64, r-release-windows-ix86+x86_64