CRAN Package Check Results for Package mmb

Last updated on 2021-09-27 16:50:21 CEST.

Flavor Version Tinstall Tcheck Ttotal Status Flags
r-devel-linux-x86_64-debian-clang 0.13.3 4.10 117.14 121.24 NOTE
r-devel-linux-x86_64-debian-gcc 0.13.3 2.84 83.98 86.82 NOTE
r-devel-linux-x86_64-fedora-clang 0.13.3 152.57 NOTE
r-devel-linux-x86_64-fedora-gcc 0.13.3 139.39 NOTE
r-devel-windows-x86_64 0.13.3 5.00 109.00 114.00 NOTE
r-devel-windows-x86_64-gcc10-UCRT 0.13.3 NOTE
r-patched-linux-x86_64 0.13.3 3.55 113.44 116.99 NOTE
r-patched-solaris-x86 0.13.3 172.80 NOTE
r-release-linux-x86_64 0.13.3 3.89 114.27 118.16 NOTE
r-release-macos-arm64 0.13.3 NOTE
r-release-macos-x86_64 0.13.3 NOTE
r-release-windows-ix86+x86_64 0.13.3 9.00 110.00 119.00 NOTE
r-oldrel-macos-x86_64 0.13.3 NOTE
r-oldrel-windows-ix86+x86_64 0.13.3 6.00 119.00 125.00 OK

Check Details

Version: 0.13.3
Check: LazyData
Result: NOTE
     'LazyData' is specified without a 'data' directory
Flavors: r-devel-linux-x86_64-debian-clang, r-devel-linux-x86_64-debian-gcc, r-devel-linux-x86_64-fedora-clang, r-devel-linux-x86_64-fedora-gcc, r-devel-windows-x86_64, r-devel-windows-x86_64-gcc10-UCRT, r-patched-linux-x86_64, r-patched-solaris-x86, r-release-linux-x86_64, r-release-macos-arm64, r-release-macos-x86_64, r-release-windows-ix86+x86_64

Version: 0.13.3
Check: dependencies in R code
Result: NOTE
    Namespaces in Imports field not imported from:
     ‘datasets’ ‘doParallel’ ‘parallel’
     All declared Imports should be used.
Flavors: r-devel-linux-x86_64-fedora-clang, r-devel-linux-x86_64-fedora-gcc, r-devel-windows-x86_64-gcc10-UCRT, r-patched-solaris-x86, r-release-macos-arm64, r-release-macos-x86_64, r-oldrel-macos-x86_64