CRAN Package Check Results for Package mnonr

Last updated on 2021-12-02 15:52:45 CET.

Flavor Version Tinstall Tcheck Ttotal Status Flags
r-devel-linux-x86_64-debian-clang 1.0.0 2.21 24.06 26.27 NOTE
r-devel-linux-x86_64-debian-gcc 1.0.0 1.81 18.70 20.51 NOTE
r-devel-linux-x86_64-fedora-clang 1.0.0 43.31 NOTE
r-devel-linux-x86_64-fedora-gcc 1.0.0 32.88 NOTE
r-devel-windows-x86_64-new-UL 1.0.0 6.00 62.00 68.00 NOTE
r-devel-windows-x86_64-new-TK 1.0.0 NOTE
r-devel-windows-x86_64-old 1.0.0 6.00 33.00 39.00 NOTE
r-patched-linux-x86_64 1.0.0 1.86 23.03 24.89 NOTE
r-patched-solaris-x86 1.0.0 49.40 NOTE
r-release-linux-x86_64 1.0.0 1.98 22.87 24.85 NOTE
r-release-macos-arm64 1.0.0 NOTE
r-release-macos-x86_64 1.0.0 NOTE
r-release-windows-ix86+x86_64 1.0.0 6.00 42.00 48.00 NOTE
r-oldrel-macos-x86_64 1.0.0 OK
r-oldrel-windows-ix86+x86_64 1.0.0 6.00 46.00 52.00 OK

Check Details

Version: 1.0.0
Check: LazyData
Result: NOTE
     'LazyData' is specified without a 'data' directory
Flavors: r-devel-linux-x86_64-debian-clang, r-devel-linux-x86_64-debian-gcc, r-devel-linux-x86_64-fedora-clang, r-devel-linux-x86_64-fedora-gcc, r-devel-windows-x86_64-new-UL, r-devel-windows-x86_64-new-TK, r-devel-windows-x86_64-old, r-patched-linux-x86_64, r-patched-solaris-x86, r-release-linux-x86_64, r-release-macos-arm64, r-release-macos-x86_64, r-release-windows-ix86+x86_64