Last updated on 2023-11-30 04:02:17 CET.
Flavor | Version | Tinstall | Tcheck | Ttotal | Status | Flags |
---|---|---|---|---|---|---|
r-devel-linux-x86_64-debian-clang | 2.1.1 | 8.51 | 33.19 | 41.70 | NOTE | |
r-devel-linux-x86_64-debian-gcc | 2.1.1 | 4.78 | 25.72 | 30.50 | NOTE | |
r-devel-linux-x86_64-fedora-clang | 2.1.1 | 52.94 | OK | |||
r-devel-linux-x86_64-fedora-gcc | 2.1.1 | 49.41 | OK | |||
r-devel-windows-x86_64 | 2.1.1 | 20.00 | 49.00 | 69.00 | OK | |
r-patched-linux-x86_64 | 2.1.1 | 7.34 | 32.74 | 40.08 | OK | |
r-release-linux-x86_64 | 2.1.1 | 6.74 | 32.25 | 38.99 | OK | |
r-release-macos-arm64 | 2.1.1 | 26.00 | OK | |||
r-release-macos-x86_64 | 2.1.1 | 30.00 | OK | |||
r-release-windows-x86_64 | 2.1.1 | 12.00 | 52.00 | 64.00 | OK | |
r-oldrel-macos-arm64 | 2.1.1 | 21.00 | OK | |||
r-oldrel-macos-x86_64 | 2.1.1 | 32.00 | OK | |||
r-oldrel-windows-x86_64 | 2.1.1 | 16.00 | 57.00 | 73.00 | OK |
Version: 2.1.1
Check: Rd files
Result: NOTE
checkRd: (-1) mom.mtruncnorm.Rd:35: Lost braces
35 | \item{cum}{a logical value; if code{TRUE} (default value), cumulants
| ^
checkRd: (-1) mom.mtruncnorm.Rd:43: Lost braces; missing escapes or markup?
43 | The maximal value of {d} is \code{20}. If this threshold is exceeded, \code{NA}s
| ^
checkRd: (-1) mt.Rd:110: Lost braces
110 | and code{tvpack}, downloaded in 2005 and again in 2007 from his webpage,
| ^
Flavors: r-devel-linux-x86_64-debian-clang, r-devel-linux-x86_64-debian-gcc