CRAN Package Check Results for Package mnormt

Last updated on 2024-07-22 22:56:29 CEST.

Flavor Version Tinstall Tcheck Ttotal Status Flags
r-devel-linux-x86_64-debian-clang 2.1.1 8.55 35.34 43.89 NOTE
r-devel-linux-x86_64-debian-gcc 2.1.1 5.05 25.93 30.98 NOTE
r-devel-linux-x86_64-fedora-clang 2.1.1 54.64 NOTE
r-devel-linux-x86_64-fedora-gcc 2.1.1 51.88 NOTE
r-devel-windows-x86_64 2.1.1 9.00 47.00 56.00 NOTE
r-patched-linux-x86_64 2.1.1 7.23 33.81 41.04 NOTE
r-release-linux-x86_64 2.1.1 6.10 33.64 39.74 NOTE
r-release-macos-arm64 2.1.1 20.00 NOTE
r-release-macos-x86_64 2.1.1 28.00 NOTE
r-release-windows-x86_64 2.1.1 9.00 47.00 56.00 NOTE
r-oldrel-macos-arm64 2.1.1 26.00 OK
r-oldrel-macos-x86_64 2.1.1 30.00 OK
r-oldrel-windows-x86_64 2.1.1 12.00 52.00 64.00 OK

Check Details

Version: 2.1.1
Check: Rd files
Result: NOTE checkRd: (-1) mom.mtruncnorm.Rd:35: Lost braces 35 | \item{cum}{a logical value; if code{TRUE} (default value), cumulants | ^ checkRd: (-1) mom.mtruncnorm.Rd:43: Lost braces; missing escapes or markup? 43 | The maximal value of {d} is \code{20}. If this threshold is exceeded, \code{NA}s | ^ checkRd: (-1) mt.Rd:110: Lost braces 110 | and code{tvpack}, downloaded in 2005 and again in 2007 from his webpage, | ^ Flavors: r-devel-linux-x86_64-debian-clang, r-devel-linux-x86_64-debian-gcc, r-devel-linux-x86_64-fedora-clang, r-devel-linux-x86_64-fedora-gcc, r-devel-windows-x86_64, r-patched-linux-x86_64, r-release-linux-x86_64, r-release-macos-arm64, r-release-macos-x86_64, r-release-windows-x86_64