CRAN Package Check Results for Package modeest

Last updated on 2024-02-22 21:51:45 CET.

Flavor Version Tinstall Tcheck Ttotal Status Flags
r-devel-linux-x86_64-debian-clang 2.4.0 NOTE
r-devel-linux-x86_64-debian-gcc 2.4.0 4.28 45.12 49.40 NOTE
r-devel-linux-x86_64-fedora-clang 2.4.0 81.81 NOTE
r-devel-linux-x86_64-fedora-gcc 2.4.0 77.21 NOTE
r-devel-windows-x86_64 2.4.0 6.00 65.00 71.00 NOTE
r-patched-linux-x86_64 2.4.0 7.21 58.17 65.38 NOTE
r-release-linux-x86_64 2.4.0 6.79 56.79 63.58 NOTE
r-release-macos-arm64 2.4.0 27.00 NOTE
r-release-macos-x86_64 2.4.0 40.00 NOTE
r-release-windows-x86_64 2.4.0 9.00 80.00 89.00 NOTE
r-oldrel-macos-arm64 2.4.0 27.00 NOTE
r-oldrel-windows-x86_64 2.4.0 8.00 81.00 89.00 NOTE

Check Details

Version: 2.4.0
Check: Rd files
Result: NOTE checkRd: (-1) lientz.Rd:45: Lost braces in \itemize; \value handles \item{}{} directly checkRd: (-1) lientz.Rd:46: Lost braces in \itemize; \value handles \item{}{} directly checkRd: (-1) lientz.Rd:47: Lost braces in \itemize; \value handles \item{}{} directly checkRd: (-1) modeest-package.Rd:150: Escaped LaTeX specials: \& checkRd: (-1) vieu.Rd:56: Escaped LaTeX specials: \& Flavors: r-devel-linux-x86_64-debian-clang, r-devel-linux-x86_64-debian-gcc

Version: 2.4.0
Check: LazyData
Result: NOTE 'LazyData' is specified without a 'data' directory Flavors: r-devel-linux-x86_64-debian-clang, r-devel-linux-x86_64-debian-gcc, r-devel-linux-x86_64-fedora-clang, r-devel-linux-x86_64-fedora-gcc, r-devel-windows-x86_64, r-patched-linux-x86_64, r-release-linux-x86_64, r-release-macos-arm64, r-release-macos-x86_64, r-release-windows-x86_64, r-oldrel-macos-arm64, r-oldrel-windows-x86_64

Version: 2.4.0
Check: Rd files
Result: NOTE checkRd: (-1) modeest-package.Rd:150: Escaped LaTeX specials: \& checkRd: (-1) vieu.Rd:56: Escaped LaTeX specials: \& Flavors: r-devel-linux-x86_64-fedora-clang, r-devel-linux-x86_64-fedora-gcc, r-devel-windows-x86_64, r-patched-linux-x86_64, r-release-linux-x86_64, r-release-macos-arm64, r-release-macos-x86_64, r-release-windows-x86_64