CRAN Package Check Results for Package modelStudio

Last updated on 2021-10-15 22:54:21 CEST.

Flavor Version Tinstall Tcheck Ttotal Status Flags
r-devel-linux-x86_64-debian-clang 3.0.0 4.85 402.16 407.01 OK
r-devel-linux-x86_64-debian-gcc 3.0.0 4.34 308.18 312.52 OK
r-devel-linux-x86_64-fedora-clang 3.0.0 445.36 OK
r-devel-linux-x86_64-fedora-gcc 3.0.0 432.00 OK
r-devel-windows-x86_64 3.0.0 8.00 236.00 244.00 OK
r-devel-windows-x86_64-gcc10-UCRT 3.0.0 OK
r-patched-linux-x86_64 3.0.0 5.92 370.37 376.29 OK
r-patched-solaris-x86 3.0.0 590.80 OK
r-release-linux-x86_64 3.0.0 4.65 374.16 378.81 OK
r-release-macos-arm64 3.0.0 OK
r-release-macos-x86_64 3.0.0 WARN
r-release-windows-ix86+x86_64 3.0.0 10.00 375.00 385.00 OK
r-oldrel-macos-x86_64 3.0.0 WARN
r-oldrel-windows-ix86+x86_64 3.0.0 11.00 413.00 424.00 OK

Check Details

Version: 3.0.0
Check: re-building of vignette outputs
Result: WARN
    Error(s) in re-building vignettes:
    --- re-building ‘ms-perks-features.Rmd’ using rmarkdown
    Warning in engine$weave(file, quiet = quiet, encoding = enc) :
     Pandoc (>= 1.12.3) not available. Falling back to R Markdown v1.
    --- finished re-building ‘ms-perks-features.Rmd’
    
    --- re-building ‘ms-r-python-examples.Rmd’ using rmarkdown
    Warning in engine$weave(file, quiet = quiet, encoding = enc) :
     Pandoc (>= 1.12.3) not available. Falling back to R Markdown v1.
    --- finished re-building ‘ms-r-python-examples.Rmd’
    
    --- re-building ‘ms-rmarkdown.Rmd’ using rmarkdown
    Warning in engine$weave(file, quiet = quiet, encoding = enc) :
     Pandoc (>= 1.12.3) not available. Falling back to R Markdown v1.
    Welcome to DALEX (version: 2.2.1).
    Find examples and detailed introduction at: http://ema.drwhy.ai/
    
    `new_observation` argument is NULL. `new_observation_n` observations needed to calculate local explanations are taken from the data.
    
    PhantomJS not found. You can install it with webshot::install_phantomjs(). If it is installed, please make sure the phantomjs executable can be found via the PATH variable.
    PhantomJS not found. You can install it with webshot::install_phantomjs(). If it is installed, please make sure the phantomjs executable can be found via the PATH variable.
    Quitting from lines 59-75 (ms-rmarkdown.Rmd)
    Error: processing vignette 'ms-rmarkdown.Rmd' failed with diagnostics:
    invalid 'path' argument
    --- failed re-building ‘ms-rmarkdown.Rmd’
    
    SUMMARY: processing the following file failed:
     ‘ms-rmarkdown.Rmd’
    
    Error: Vignette re-building failed.
    Execution halted
Flavors: r-release-macos-x86_64, r-oldrel-macos-x86_64