CRAN Package Check Results for Package momentuHMM

Last updated on 2021-09-24 22:53:00 CEST.

Flavor Version Tinstall Tcheck Ttotal Status Flags
r-devel-linux-x86_64-debian-clang 1.5.4 137.17 287.43 424.60 OK
r-devel-linux-x86_64-debian-gcc 1.5.4 91.44 203.33 294.77 OK
r-devel-linux-x86_64-fedora-clang 1.5.4 488.93 NOTE
r-devel-linux-x86_64-fedora-gcc 1.5.4 493.50 OK
r-devel-windows-x86_64 1.5.4 133.00 252.00 385.00 OK
r-devel-windows-x86_64-gcc10-UCRT 1.5.4 OK
r-patched-linux-x86_64 1.5.4 117.53 269.17 386.70 OK
r-patched-solaris-x86 1.5.4 533.50 OK
r-release-linux-x86_64 1.5.4 108.32 273.91 382.23 OK
r-release-macos-arm64 1.5.4 NOTE
r-release-macos-x86_64 1.5.4 NOTE
r-release-windows-ix86+x86_64 1.5.4 288.00 300.00 588.00 NOTE
r-oldrel-macos-x86_64 1.5.4 NOTE
r-oldrel-windows-ix86+x86_64 1.5.4 198.00 293.00 491.00 NOTE

Check Details

Version: 1.5.4
Check: installed package size
Result: NOTE
     installed size is 7.4Mb
     sub-directories of 1Mb or more:
     R 1.2Mb
     doc 1.7Mb
     libs 3.9Mb
Flavors: r-devel-linux-x86_64-fedora-clang, r-release-macos-arm64, r-release-macos-x86_64, r-release-windows-ix86+x86_64, r-oldrel-macos-x86_64, r-oldrel-windows-ix86+x86_64