CRAN Package Check Results for Package monitoR

Last updated on 2024-07-19 04:56:43 CEST.

Flavor Version Tinstall Tcheck Ttotal Status Flags
r-devel-linux-x86_64-debian-clang 1.0.7 14.49 128.85 143.34 NOTE
r-devel-linux-x86_64-debian-gcc 1.0.7 11.18 94.21 105.39 NOTE
r-devel-linux-x86_64-fedora-clang 1.0.7 182.28 NOTE
r-devel-linux-x86_64-fedora-gcc 1.0.7 180.36 NOTE
r-devel-windows-x86_64 1.0.7 12.00 139.00 151.00 NOTE
r-patched-linux-x86_64 1.0.7 15.28 123.73 139.01 NOTE
r-release-linux-x86_64 1.0.7 10.07 121.76 131.83 NOTE
r-release-macos-arm64 1.0.7 58.00 NOTE
r-release-macos-x86_64 1.0.7 91.00 WARN
r-release-windows-x86_64 1.0.7 12.00 131.00 143.00 NOTE
r-oldrel-macos-arm64 1.0.7 61.00 OK
r-oldrel-macos-x86_64 1.0.7 102.00 NOTE
r-oldrel-windows-x86_64 1.0.7 15.00 148.00 163.00 OK

Check Details

Version: 1.0.7
Check: Rd files
Result: NOTE checkRd: (-1) TemplateList-class.Rd:29: Lost braces in \itemize; meant \describe ? checkRd: (-1) TemplateList-class.Rd:30: Lost braces in \itemize; meant \describe ? checkRd: (-1) TemplateList-class.Rd:31: Lost braces in \itemize; meant \describe ? checkRd: (-1) TemplateList-class.Rd:32: Lost braces in \itemize; meant \describe ? checkRd: (-1) TemplateList-class.Rd:33: Lost braces in \itemize; meant \describe ? checkRd: (-1) bindEvents.Rd:26: Lost braces in \itemize; meant \describe ? checkRd: (-1) bindEvents.Rd:27: Lost braces in \itemize; meant \describe ? checkRd: (-1) bindEvents.Rd:28: Lost braces in \itemize; meant \describe ? Flavors: r-devel-linux-x86_64-debian-clang, r-devel-linux-x86_64-debian-gcc, r-devel-linux-x86_64-fedora-clang, r-devel-linux-x86_64-fedora-gcc, r-devel-windows-x86_64, r-patched-linux-x86_64, r-release-linux-x86_64, r-release-macos-arm64, r-release-macos-x86_64, r-release-windows-x86_64

Version: 1.0.7
Check: Rd cross-references
Result: NOTE Undeclared package ‘seewave’ in Rd xrefs Flavor: r-devel-linux-x86_64-fedora-clang

Version: 1.0.7
Check: Rd cross-references
Result: NOTE Found the following Rd file(s) with Rd \link{} targets missing package anchors: readMP3.Rd: tuneR viewSpec.Rd: tuneR Please provide package anchors for all Rd \link{} targets not in the package itself and the base packages. Flavor: r-devel-windows-x86_64

Version: 1.0.7
Check: re-building of vignette outputs
Result: WARN Error(s) in re-building vignettes: ... --- re-building ‘monitoR_QuickStart.Rnw’ using knitr Error: processing vignette 'monitoR_QuickStart.Rnw' failed with diagnostics: Running 'texi2dvi' on 'monitoR_QuickStart.tex' failed. LaTeX errors: ! Undefined control sequence. l.94 \hlkwd{library}\hldef {(monitoR)} ? ! Emergency stop. ! Emergency stop. l.94 End of file on the terminal! ! ==> Fatal error occurred, no output PDF file produced! --- failed re-building ‘monitoR_QuickStart.Rnw’ SUMMARY: processing the following file failed: ‘monitoR_QuickStart.Rnw’ Error: Vignette re-building failed. Execution halted Flavor: r-release-macos-x86_64

Version: 1.0.7
Check: package dependencies
Result: NOTE Packages suggested but not available for checking: 'fftw', 'RODBC' Flavor: r-oldrel-macos-x86_64

Version: 1.0.7
Check: Rd cross-references
Result: NOTE Packages unavailable to check Rd xrefs: ‘seewave’, ‘RODBC’ Flavor: r-oldrel-macos-x86_64