CRAN Package Check Results for Package mortAAR

Last updated on 2021-07-28 22:57:57 CEST.

Flavor Version Tinstall Tcheck Ttotal Status Flags
r-devel-linux-x86_64-debian-clang 1.1.1 OK
r-devel-linux-x86_64-debian-gcc 1.1.1 2.90 60.29 63.19 OK
r-devel-linux-x86_64-fedora-clang 1.1.1 108.87 OK
r-devel-linux-x86_64-fedora-gcc 1.1.1 97.31 OK
r-devel-windows-x86_64 1.1.1 5.00 105.00 110.00 OK
r-devel-windows-x86_64-gcc10-UCRT 1.1.1 OK
r-patched-linux-x86_64 1.1.1 4.34 76.52 80.86 OK
r-patched-solaris-x86 1.1.1 125.00 OK
r-release-linux-x86_64 1.1.1 3.68 75.81 79.49 OK
r-release-macos-arm64 1.1.1 WARN
r-release-macos-x86_64 1.1.1 OK
r-release-windows-ix86+x86_64 1.1.1 8.00 101.00 109.00 OK
r-oldrel-macos-x86_64 1.1.1 OK
r-oldrel-windows-ix86+x86_64 1.1.1 7.00 108.00 115.00 OK

Check Details

Version: 1.1.1
Check: re-building of vignette outputs
Result: WARN
    Error(s) in re-building vignettes:
    --- re-building ‘mortAAR_vignette-1.Rmd’ using rmarkdown
    Warning in engine$weave(file, quiet = quiet, encoding = enc) :
     Pandoc (>= 1.12.3) not available. Falling back to R Markdown v1.
    Quitting from lines 131-132 (mortAAR_vignette-1.Rmd)
    Error: processing vignette 'mortAAR_vignette-1.Rmd' failed with diagnostics:
    polygon edge not found
    --- failed re-building ‘mortAAR_vignette-1.Rmd’
    
    --- re-building ‘mortAAR_vignette_extended.Rmd’ using rmarkdown
    Warning in engine$weave(file, quiet = quiet, encoding = enc) :
     Pandoc (>= 1.12.3) not available. Falling back to R Markdown v1.
    Quitting from lines 146-148 (mortAAR_vignette_extended.Rmd)
    Error: processing vignette 'mortAAR_vignette_extended.Rmd' failed with diagnostics:
    polygon edge not found
    --- failed re-building ‘mortAAR_vignette_extended.Rmd’
    
    --- re-building ‘mortAAR_vignette_lt_correction.Rmd’ using rmarkdown
    Warning in engine$weave(file, quiet = quiet, encoding = enc) :
     Pandoc (>= 1.12.3) not available. Falling back to R Markdown v1.
    Quitting from lines 28-31 (mortAAR_vignette_lt_correction.Rmd)
    Error: processing vignette 'mortAAR_vignette_lt_correction.Rmd' failed with diagnostics:
    polygon edge not found
    --- failed re-building ‘mortAAR_vignette_lt_correction.Rmd’
    
    --- re-building ‘mortAAR_vignette_reproduction.Rmd’ using rmarkdown
    Warning in engine$weave(file, quiet = quiet, encoding = enc) :
     Pandoc (>= 1.12.3) not available. Falling back to R Markdown v1.
    Warning in get_engine(options$engine) :
     Unknown language engine 'oxcal' (must be registered via knit_engines$set()).
    --- finished re-building ‘mortAAR_vignette_reproduction.Rmd’
    
    SUMMARY: processing the following files failed:
     ‘mortAAR_vignette-1.Rmd’ ‘mortAAR_vignette_extended.Rmd’
     ‘mortAAR_vignette_lt_correction.Rmd’
    
    Error: Vignette re-building failed.
    Execution halted
Flavor: r-release-macos-arm64