CRAN Package Check Results for Package mosaicModel

Last updated on 2021-09-26 01:49:58 CEST.

Flavor Version Tinstall Tcheck Ttotal Status Flags
r-devel-linux-x86_64-debian-clang 0.3.0 7.51 94.39 101.90 OK
r-devel-linux-x86_64-debian-gcc 0.3.0 6.72 58.32 65.04 WARN
r-devel-linux-x86_64-fedora-clang 0.3.0 122.80 NOTE
r-devel-linux-x86_64-fedora-gcc 0.3.0 96.24 WARN
r-devel-windows-x86_64 0.3.0 10.00 84.00 94.00 OK
r-devel-windows-x86_64-gcc10-UCRT 0.3.0 NOTE
r-patched-linux-x86_64 0.3.0 7.27 86.84 94.11 OK
r-patched-solaris-x86 0.3.0 165.80 NOTE
r-release-linux-x86_64 0.3.0 6.62 88.15 94.77 OK
r-release-macos-arm64 0.3.0 NOTE
r-release-macos-x86_64 0.3.0 NOTE
r-release-windows-ix86+x86_64 0.3.0 20.00 83.00 103.00 OK
r-oldrel-macos-x86_64 0.3.0 NOTE
r-oldrel-windows-ix86+x86_64 0.3.0 15.00 89.00 104.00 OK

Check Details

Version: 0.3.0
Check: re-building of vignette outputs
Result: WARN
    Error(s) in re-building vignettes:
     ...
    --- re-building ‘Basics.Rmd’ using rmarkdown
    Quitting from lines 66-68 (Basics.Rmd)
    Error: processing vignette 'Basics.Rmd' failed with diagnostics:
    duplicated() applies only to vectors
    --- failed re-building ‘Basics.Rmd’
    
    SUMMARY: processing the following file failed:
     ‘Basics.Rmd’
    
    Error: Vignette re-building failed.
    Execution halted
Flavor: r-devel-linux-x86_64-debian-gcc

Version: 0.3.0
Check: dependencies in R code
Result: NOTE
    Namespaces in Imports field not imported from:
     ‘MASS’ ‘caret’ ‘ggformula’ ‘knitr’ ‘testthat’ ‘tidyverse’
     All declared Imports should be used.
Flavors: r-devel-linux-x86_64-fedora-clang, r-devel-linux-x86_64-fedora-gcc, r-devel-windows-x86_64-gcc10-UCRT, r-patched-solaris-x86, r-release-macos-arm64, r-release-macos-x86_64, r-oldrel-macos-x86_64

Version: 0.3.0
Check: re-building of vignette outputs
Result: WARN
    Error(s) in re-building vignettes:
    --- re-building ‘Basics.Rmd’ using rmarkdown
    Quitting from lines 66-68 (Basics.Rmd)
    Error: processing vignette 'Basics.Rmd' failed with diagnostics:
    duplicated() applies only to vectors
    --- failed re-building ‘Basics.Rmd’
    
    SUMMARY: processing the following file failed:
     ‘Basics.Rmd’
    
    Error: Vignette re-building failed.
    Execution halted
Flavor: r-devel-linux-x86_64-fedora-gcc