CRAN Package Check Results for Package movMF

Last updated on 2021-10-25 10:54:29 CEST.

Flavor Version Tinstall Tcheck Ttotal Status Flags
r-devel-linux-x86_64-debian-clang 0.2-6 4.40 78.59 82.99 NOTE
r-devel-linux-x86_64-debian-gcc 0.2-6 3.39 59.79 63.18 NOTE
r-devel-linux-x86_64-fedora-clang 0.2-6 113.01 NOTE
r-devel-linux-x86_64-fedora-gcc 0.2-6 99.82 NOTE
r-devel-windows-x86_64 0.2-6 11.00 125.00 136.00 NOTE
r-devel-windows-x86_64-gcc10-UCRT 0.2-6 NOTE
r-patched-linux-x86_64 0.2-6 3.99 67.46 71.45 NOTE
r-patched-solaris-x86 0.2-6 125.50 NOTE
r-release-linux-x86_64 0.2-6 4.13 67.12 71.25 NOTE
r-release-macos-arm64 0.2-6 NOTE
r-release-macos-x86_64 0.2-6 NOTE
r-release-windows-ix86+x86_64 0.2-6 12.00 121.00 133.00 NOTE
r-oldrel-macos-x86_64 0.2-6 NOTE
r-oldrel-windows-ix86+x86_64 0.2-6 12.00 84.00 96.00 NOTE

Check Details

Version: 0.2-6
Check: package dependencies
Result: NOTE
    Package suggested but not available for checking: 'corpus.useR.2008.abstracts'
Flavors: r-devel-linux-x86_64-debian-clang, r-devel-linux-x86_64-debian-gcc, r-devel-linux-x86_64-fedora-clang, r-devel-linux-x86_64-fedora-gcc, r-devel-windows-x86_64, r-devel-windows-x86_64-gcc10-UCRT, r-patched-linux-x86_64, r-patched-solaris-x86, r-release-linux-x86_64, r-release-macos-arm64, r-release-macos-x86_64, r-release-windows-ix86+x86_64, r-oldrel-macos-x86_64, r-oldrel-windows-ix86+x86_64