CRAN Package Check Results for Package mp

Last updated on 2021-09-21 01:50:20 CEST.

Flavor Version Tinstall Tcheck Ttotal Status Flags
r-devel-linux-x86_64-debian-clang 0.4.1 66.74 28.17 94.91 OK
r-devel-linux-x86_64-debian-gcc 0.4.1 39.02 22.62 61.64 OK
r-devel-linux-x86_64-fedora-clang 0.4.1 138.01 NOTE
r-devel-linux-x86_64-fedora-gcc 0.4.1 114.33 NOTE
r-devel-windows-x86_64 0.4.1 59.00 50.00 109.00 OK
r-devel-windows-x86_64-gcc10-UCRT 0.4.1 ERROR
r-patched-linux-x86_64 0.4.1 49.02 28.24 77.26 OK
r-patched-solaris-x86 0.4.1 115.30 OK
r-release-linux-x86_64 0.4.1 50.33 28.30 78.63 OK
r-release-macos-arm64 0.4.1 OK
r-release-macos-x86_64 0.4.1 OK
r-release-windows-ix86+x86_64 0.4.1 152.00 57.00 209.00 OK
r-oldrel-macos-x86_64 0.4.1 OK
r-oldrel-windows-ix86+x86_64 0.4.1 144.00 55.00 199.00 OK

Check Details

Version: 0.4.1
Check: Rd cross-references
Result: NOTE
    Undeclared package ‘proxy’ in Rd xrefs
Flavor: r-devel-linux-x86_64-fedora-clang

Version: 0.4.1
Check: compiled code
Result: NOTE
    File ‘mp/libs/mp.so’:
     Found no calls to: ‘R_registerRoutines’, ‘R_useDynamicSymbols’
    
    It is good practice to register native routines and to disable symbol
    search.
    
    See ‘Writing portable packages’ in the ‘Writing R Extensions’ manual.
Flavors: r-devel-linux-x86_64-fedora-clang, r-devel-linux-x86_64-fedora-gcc

Version: 0.4.1
Check: whether package can be installed
Result: ERROR
    Installation failed.
Flavor: r-devel-windows-x86_64-gcc10-UCRT