CRAN Package Check Results for Package mptools

Last updated on 2021-10-25 01:48:53 CEST.

Flavor Version Tinstall Tcheck Ttotal Status Flags
r-devel-linux-x86_64-debian-clang 1.0.1 24.31 498.33 522.64 NOTE
r-devel-linux-x86_64-debian-gcc 1.0.1 23.19 330.63 353.82 NOTE
r-devel-linux-x86_64-fedora-clang 1.0.1 469.11 NOTE
r-devel-linux-x86_64-fedora-gcc 1.0.1 421.65 NOTE
r-devel-windows-x86_64 1.0.1 41.00 358.00 399.00 NOTE
r-devel-windows-x86_64-gcc10-UCRT 1.0.1 NOTE
r-patched-linux-x86_64 1.0.1 26.37 432.54 458.91 NOTE
r-patched-solaris-x86 1.0.1 391.70 NOTE
r-release-linux-x86_64 1.0.1 24.54 428.36 452.90 NOTE
r-release-macos-arm64 1.0.1 NOTE
r-release-macos-x86_64 1.0.1 NOTE
r-release-windows-ix86+x86_64 1.0.1 47.00 360.00 407.00 NOTE
r-oldrel-macos-x86_64 1.0.1 OK
r-oldrel-windows-ix86+x86_64 1.0.1 63.00 267.00 330.00 ERROR

Check Details

Version: 1.0.1
Check: LazyData
Result: NOTE
     'LazyData' is specified without a 'data' directory
Flavors: r-devel-linux-x86_64-debian-clang, r-devel-linux-x86_64-debian-gcc, r-devel-linux-x86_64-fedora-clang, r-devel-linux-x86_64-fedora-gcc, r-devel-windows-x86_64, r-devel-windows-x86_64-gcc10-UCRT, r-patched-linux-x86_64, r-patched-solaris-x86, r-release-linux-x86_64, r-release-macos-arm64, r-release-macos-x86_64, r-release-windows-ix86+x86_64

Version: 1.0.1
Check: examples
Result: ERROR
    Running examples in 'mptools-Ex.R' failed
    The error most likely occurred in:
    
    > ### Name: mp2sp
    > ### Title: Create a SpatialPointsDataFrame describing Metapop population
    > ### centroids
    > ### Aliases: mp2sp
    > ### Keywords: spatial
    >
    > ### ** Examples
    >
    > mp <- system.file('example.mp', package='mptools')
    > r <- system.file('example_001.tif', package='mptools')
    > coords <- mp2xy(mp, r, 9.975)
    Error in (function (classes, fdef, mtable) :
     unable to find an inherited method for function 'xmin' for signature '"Extent"'
    Calls: mp2xy ... <Anonymous> -> .local -> .levelplot -> xmin -> <Anonymous>
    Execution halted
Flavor: r-oldrel-windows-ix86+x86_64

Version: 1.0.1
Check: re-building of vignette outputs
Result: WARN
    Error(s) in re-building vignettes:
    --- re-building 'intro.Rmd' using rmarkdown
    Extracting simulation results from file:
    D:/temp/RtmpOU7VYK/RLIBS_f3a080d607e/mptools/example.mp
    Extracting population metadata from file:
    D:/temp/RtmpOU7VYK/RLIBS_f3a080d607e/mptools/example.mp
    Quitting from lines 136-140 (intro.Rmd)
    Error: processing vignette 'intro.Rmd' failed with diagnostics:
    unable to find an inherited method for function 'xmin' for signature '"Extent"'
    --- failed re-building 'intro.Rmd'
    
    SUMMARY: processing the following file failed:
     'intro.Rmd'
    
    Error: Vignette re-building failed.
    Execution halted
Flavor: r-oldrel-windows-ix86+x86_64