CRAN Package Check Results for Package msce

Last updated on 2021-09-22 04:55:05 CEST.

Flavor Version Tinstall Tcheck Ttotal Status Flags
r-devel-linux-x86_64-debian-clang 1.0.1 32.34 35.25 67.59 OK
r-devel-linux-x86_64-debian-gcc 1.0.1 20.02 29.83 49.85 OK
r-devel-linux-x86_64-fedora-clang 1.0.1 103.30 OK
r-devel-linux-x86_64-fedora-gcc 1.0.1 89.07 OK
r-devel-windows-x86_64 1.0.1 34.00 52.00 86.00 OK
r-devel-windows-x86_64-gcc10-UCRT 1.0.1 ERROR
r-patched-linux-x86_64 1.0.1 26.76 33.91 60.67 OK
r-patched-solaris-x86 1.0.1 197.10 OK
r-release-linux-x86_64 1.0.1 24.56 33.77 58.33 OK
r-release-macos-arm64 1.0.1 OK
r-release-macos-x86_64 1.0.1 OK
r-release-windows-ix86+x86_64 1.0.1 85.00 62.00 147.00 OK
r-oldrel-macos-x86_64 1.0.1 OK
r-oldrel-windows-ix86+x86_64 1.0.1 83.00 61.00 144.00 OK

Check Details

Version: 1.0.1
Check: package dependencies
Result: ERROR
    Package required but not available: 'RcppParallel'
    
    See section 'The DESCRIPTION file' in the 'Writing R Extensions'
    manual.
Flavor: r-devel-windows-x86_64-gcc10-UCRT