CRAN Package Check Results for Package mshap

Last updated on 2021-12-01 15:52:03 CET.

Flavor Version Tinstall Tcheck Ttotal Status Flags
r-devel-linux-x86_64-debian-clang 0.1.0 2.68 39.45 42.13 OK
r-devel-linux-x86_64-debian-gcc 0.1.0 1.52 31.08 32.60 OK
r-devel-linux-x86_64-fedora-clang 0.1.0 61.36 NOTE
r-devel-linux-x86_64-fedora-gcc 0.1.0 50.59 NOTE
r-devel-windows-x86_64-new-UL 0.1.0 9.00 92.00 101.00 OK
r-devel-windows-x86_64-new-TK 0.1.0 NOTE
r-devel-windows-x86_64-old 0.1.0 5.00 49.00 54.00 OK
r-patched-linux-x86_64 0.1.0 2.78 36.92 39.70 OK
r-patched-solaris-x86 0.1.0 57.80 NOTE
r-release-linux-x86_64 0.1.0 1.69 37.22 38.91 OK
r-release-macos-arm64 0.1.0 NOTE
r-release-macos-x86_64 0.1.0 NOTE
r-release-windows-ix86+x86_64 0.1.0 7.00 42.00 49.00 OK
r-oldrel-macos-x86_64 0.1.0 NOTE
r-oldrel-windows-ix86+x86_64 0.1.0 5.00 104.00 109.00 OK

Check Details

Version: 0.1.0
Check: dependencies in R code
Result: NOTE
    Namespace in Imports field not imported from: ‘tidyselect’
     All declared Imports should be used.
Flavors: r-devel-linux-x86_64-fedora-clang, r-devel-linux-x86_64-fedora-gcc, r-devel-windows-x86_64-new-TK, r-patched-solaris-x86, r-release-macos-arm64, r-release-macos-x86_64, r-oldrel-macos-x86_64