CRAN Package Check Results for Package multiApply

Last updated on 2021-10-25 16:49:16 CEST.

Flavor Version Tinstall Tcheck Ttotal Status Flags
r-devel-linux-x86_64-debian-clang 2.1.3 3.98 31.71 35.69 NOTE
r-devel-linux-x86_64-debian-gcc 2.1.3 2.86 24.81 27.67 NOTE
r-devel-linux-x86_64-fedora-clang 2.1.3 52.67 NOTE
r-devel-linux-x86_64-fedora-gcc 2.1.3 42.16 NOTE
r-devel-windows-x86_64 2.1.3 8.00 52.00 60.00 NOTE
r-devel-windows-x86_64-gcc10-UCRT 2.1.3 NOTE
r-patched-linux-x86_64 2.1.3 3.89 31.07 34.96 NOTE
r-patched-solaris-x86 2.1.3 63.00 NOTE
r-release-linux-x86_64 2.1.3 3.27 30.74 34.01 NOTE
r-release-macos-arm64 2.1.3 NOTE
r-release-macos-x86_64 2.1.3 NOTE
r-release-windows-ix86+x86_64 2.1.3 7.00 54.00 61.00 NOTE
r-oldrel-macos-x86_64 2.1.3 OK
r-oldrel-windows-ix86+x86_64 2.1.3 8.00 56.00 64.00 OK

Check Details

Version: 2.1.3
Check: LazyData
Result: NOTE
     'LazyData' is specified without a 'data' directory
Flavors: r-devel-linux-x86_64-debian-clang, r-devel-linux-x86_64-debian-gcc, r-devel-linux-x86_64-fedora-clang, r-devel-linux-x86_64-fedora-gcc, r-devel-windows-x86_64, r-devel-windows-x86_64-gcc10-UCRT, r-patched-linux-x86_64, r-patched-solaris-x86, r-release-linux-x86_64, r-release-macos-arm64, r-release-macos-x86_64, r-release-windows-ix86+x86_64