CRAN Package Check Results for Package multiDimBio

Last updated on 2022-01-24 15:54:19 CET.

Flavor Version Tinstall Tcheck Ttotal Status Flags
r-devel-linux-x86_64-debian-clang 1.2.2 15.80 144.59 160.39 OK
r-devel-linux-x86_64-debian-gcc 1.2.2 11.85 107.16 119.01 OK
r-devel-linux-x86_64-fedora-clang 1.2.2 196.74 OK
r-devel-linux-x86_64-fedora-gcc 1.2.2 190.85 OK
r-devel-windows-x86_64-new-UL 1.2.2 51.00 154.00 205.00 OK
r-devel-windows-x86_64-new-TK 1.2.2 ERROR
r-patched-linux-x86_64 1.2.2 16.25 134.80 151.05 OK
r-release-linux-x86_64 1.2.2 12.97 135.12 148.09 OK
r-release-macos-arm64 1.2.2 OK
r-release-macos-x86_64 1.2.2 OK
r-release-windows-ix86+x86_64 1.2.2 32.00 155.00 187.00 OK
r-oldrel-macos-x86_64 1.2.2 OK
r-oldrel-windows-ix86+x86_64 1.2.2 32.00 156.00 188.00 OK

Check Details

Version: 1.2.2
Check: package dependencies
Result: ERROR
    Package required but not available: 'lme4'
    
    See section 'The DESCRIPTION file' in the 'Writing R Extensions'
    manual.
Flavor: r-devel-windows-x86_64-new-TK