CRAN Package Check Results for Package multiRDPG

Last updated on 2024-06-15 04:48:48 CEST.

Flavor Version Tinstall Tcheck Ttotal Status Flags
r-devel-linux-x86_64-debian-clang 1.0.1 2.59 24.91 27.50 NOTE
r-devel-linux-x86_64-debian-gcc 1.0.1 1.84 19.73 21.57 NOTE
r-devel-linux-x86_64-fedora-clang 1.0.1 35.53 NOTE
r-devel-linux-x86_64-fedora-gcc 1.0.1 32.42 NOTE
r-devel-windows-x86_64 1.0.1 3.00 39.00 42.00 NOTE
r-patched-linux-x86_64 1.0.1 2.11 25.59 27.70 NOTE
r-release-linux-x86_64 1.0.1 1.64 24.82 26.46 NOTE
r-release-macos-arm64 1.0.1 15.00 NOTE
r-release-macos-x86_64 1.0.1 23.00 NOTE
r-release-windows-x86_64 1.0.1 2.00 39.00 41.00 NOTE
r-oldrel-macos-arm64 1.0.1 16.00 NOTE
r-oldrel-macos-x86_64 1.0.1 20.00 NOTE
r-oldrel-windows-x86_64 1.0.1 4.00 39.00 43.00 NOTE

Check Details

Version: 1.0.1
Check: Rd files
Result: NOTE checkRd: (-1) nullestimation.Rd:17: Lost braces; missing escapes or markup? 17 | \code{U} \tab The common latent space vectors. U in R^{n x d}\cr | ^ Flavors: r-devel-linux-x86_64-debian-clang, r-devel-linux-x86_64-debian-gcc, r-devel-linux-x86_64-fedora-clang, r-devel-linux-x86_64-fedora-gcc, r-devel-windows-x86_64, r-patched-linux-x86_64, r-release-linux-x86_64, r-release-macos-arm64, r-release-macos-x86_64, r-release-windows-x86_64

Version: 1.0.1
Check: LazyData
Result: NOTE 'LazyData' is specified without a 'data' directory Flavors: r-devel-linux-x86_64-debian-clang, r-devel-linux-x86_64-debian-gcc, r-devel-linux-x86_64-fedora-clang, r-devel-linux-x86_64-fedora-gcc, r-devel-windows-x86_64, r-patched-linux-x86_64, r-release-linux-x86_64, r-release-macos-arm64, r-release-macos-x86_64, r-release-windows-x86_64, r-oldrel-macos-arm64, r-oldrel-macos-x86_64, r-oldrel-windows-x86_64