CRAN Package Check Results for Package multiRDPG

Last updated on 2021-09-17 04:49:26 CEST.

Flavor Version Tinstall Tcheck Ttotal Status Flags
r-devel-linux-x86_64-debian-clang 1.0.1 2.28 25.27 27.55 NOTE
r-devel-linux-x86_64-debian-gcc 1.0.1 1.72 19.37 21.09 NOTE
r-devel-linux-x86_64-fedora-clang 1.0.1 41.04 NOTE
r-devel-linux-x86_64-fedora-gcc 1.0.1 30.92 NOTE
r-devel-windows-x86_64 1.0.1 5.00 37.00 42.00 NOTE
r-devel-windows-x86_64-gcc10-UCRT 1.0.1 NOTE
r-patched-linux-x86_64 1.0.1 2.06 24.63 26.69 NOTE
r-patched-solaris-x86 1.0.1 46.30 NOTE
r-release-linux-x86_64 1.0.1 2.06 24.15 26.21 NOTE
r-release-macos-arm64 1.0.1 NOTE
r-release-macos-x86_64 1.0.1 NOTE
r-release-windows-ix86+x86_64 1.0.1 5.00 27.00 32.00 NOTE
r-oldrel-macos-x86_64 1.0.1 OK
r-oldrel-windows-ix86+x86_64 1.0.1 7.00 26.00 33.00 OK

Check Details

Version: 1.0.1
Check: LazyData
Result: NOTE
     'LazyData' is specified without a 'data' directory
Flavors: r-devel-linux-x86_64-debian-clang, r-devel-linux-x86_64-debian-gcc, r-devel-linux-x86_64-fedora-clang, r-devel-linux-x86_64-fedora-gcc, r-devel-windows-x86_64, r-devel-windows-x86_64-gcc10-UCRT, r-patched-linux-x86_64, r-patched-solaris-x86, r-release-linux-x86_64, r-release-macos-arm64, r-release-macos-x86_64, r-release-windows-ix86+x86_64