CRAN Package Check Results for Package mvProbit

Last updated on 2021-12-04 06:51:01 CET.

Flavor Version Tinstall Tcheck Ttotal Status Flags
r-devel-linux-x86_64-debian-clang 0.1-10 5.12 209.09 214.21 OK
r-devel-linux-x86_64-debian-gcc 0.1-10 3.33 156.86 160.19 OK
r-devel-linux-x86_64-fedora-clang 0.1-10 248.77 NOTE
r-devel-linux-x86_64-fedora-gcc 0.1-10 243.03 OK
r-devel-windows-x86_64-new-UL 0.1-10 9.00 287.00 296.00 OK
r-devel-windows-x86_64-new-TK 0.1-10 OK
r-devel-windows-x86_64-old 0.1-10 7.00 216.00 223.00 OK
r-patched-linux-x86_64 0.1-10 5.07 194.47 199.54 OK
r-release-linux-x86_64 0.1-10 4.26 196.05 200.31 OK
r-release-macos-arm64 0.1-10 OK
r-release-macos-x86_64 0.1-10 OK
r-release-windows-ix86+x86_64 0.1-10 10.00 272.00 282.00 OK
r-oldrel-macos-x86_64 0.1-10 OK
r-oldrel-windows-ix86+x86_64 0.1-10 10.00 264.00 274.00 OK

Check Details

Version: 0.1-10
Check: Rd cross-references
Result: NOTE
    Undeclared package ‘sampleSelection’ in Rd xrefs
Flavor: r-devel-linux-x86_64-fedora-clang