CRAN Package Check Results for Package mvabund

Last updated on 2021-09-19 04:53:14 CEST.

Flavor Version Tinstall Tcheck Ttotal Status Flags
r-devel-linux-x86_64-debian-clang 4.1.12 107.24 178.15 285.39 OK
r-devel-linux-x86_64-debian-gcc 4.1.12 67.36 129.87 197.23 OK
r-devel-linux-x86_64-fedora-clang 4.1.12 369.72 OK
r-devel-linux-x86_64-fedora-gcc 4.1.12 337.02 OK
r-devel-windows-x86_64 4.1.12 102.00 224.00 326.00 OK
r-devel-windows-x86_64-gcc10-UCRT 4.1.12 ERROR
r-patched-linux-x86_64 4.1.12 79.82 170.81 250.63 OK
r-patched-solaris-x86 4.1.12 389.70 OK
r-release-linux-x86_64 4.1.12 80.13 171.92 252.05 OK
r-release-macos-arm64 4.1.12 NOTE
r-release-macos-x86_64 4.1.12 NOTE
r-release-windows-ix86+x86_64 4.1.12 221.00 258.00 479.00 OK
r-oldrel-macos-x86_64 4.1.12 NOTE
r-oldrel-windows-ix86+x86_64 4.1.12 217.00 248.00 465.00 OK

Check Details

Version: 4.1.12
Check: whether package can be installed
Result: ERROR
    Installation failed.
Flavor: r-devel-windows-x86_64-gcc10-UCRT

Version: 4.1.12
Check: installed package size
Result: NOTE
     installed size is 7.1Mb
     sub-directories of 1Mb or more:
     libs 6.0Mb
Flavors: r-release-macos-arm64, r-release-macos-x86_64, r-oldrel-macos-x86_64