CRAN Package Check Results for Package mvmeta

Last updated on 2021-10-19 04:51:58 CEST.

Flavor Version Tinstall Tcheck Ttotal Status Flags
r-devel-linux-x86_64-debian-clang 1.0.3 5.51 53.21 58.72 OK
r-devel-linux-x86_64-debian-gcc 1.0.3 4.05 39.22 43.27 OK
r-devel-linux-x86_64-fedora-clang 1.0.3 79.09 NOTE
r-devel-linux-x86_64-fedora-gcc 1.0.3 67.67 OK
r-devel-windows-x86_64 1.0.3 8.00 76.00 84.00 OK
r-devel-windows-x86_64-gcc10-UCRT 1.0.3 OK
r-patched-linux-x86_64 1.0.3 5.98 50.44 56.42 OK
r-patched-solaris-x86 1.0.3 88.80 OK
r-release-linux-x86_64 1.0.3 4.82 51.12 55.94 OK
r-release-macos-arm64 1.0.3 OK
r-release-macos-x86_64 1.0.3 OK
r-release-windows-ix86+x86_64 1.0.3 7.00 74.00 81.00 OK
r-oldrel-macos-x86_64 1.0.3 OK
r-oldrel-windows-ix86+x86_64 1.0.3 10.00 76.00 86.00 OK

Check Details

Version: 1.0.3
Check: Rd cross-references
Result: NOTE
    Undeclared package ‘dosresmeta’ in Rd xrefs
Flavor: r-devel-linux-x86_64-fedora-clang