CRAN Package Check Results for Package mvrsquared

Last updated on 2021-07-24 07:49:32 CEST.

Flavor Version Tinstall Tcheck Ttotal Status Flags
r-devel-linux-x86_64-debian-clang 0.1.1 38.06 79.15 117.21 NOTE
r-devel-linux-x86_64-debian-gcc 0.1.1 29.52 60.27 89.79 NOTE
r-devel-linux-x86_64-fedora-clang 0.1.1 162.71 NOTE
r-devel-linux-x86_64-fedora-gcc 0.1.1 145.90 NOTE
r-devel-windows-x86_64 0.1.1 42.00 86.00 128.00 NOTE
r-devel-windows-x86_64-gcc10-UCRT 0.1.1 NOTE
r-patched-linux-x86_64 0.1.1 37.07 74.85 111.92 NOTE
r-patched-solaris-x86 0.1.1 196.70 NOTE
r-release-linux-x86_64 0.1.1 33.66 74.93 108.59 NOTE
r-release-macos-arm64 0.1.1 NOTE
r-release-macos-x86_64 0.1.1 NOTE
r-release-windows-ix86+x86_64 0.1.1 96.00 140.00 236.00 NOTE
r-oldrel-macos-x86_64 0.1.1 OK
r-oldrel-windows-ix86+x86_64 0.1.1 95.00 147.00 242.00 OK

Check Details

Version: 0.1.1
Check: LazyData
Result: NOTE
     'LazyData' is specified without a 'data' directory
Flavors: r-devel-linux-x86_64-debian-clang, r-devel-linux-x86_64-debian-gcc, r-devel-linux-x86_64-fedora-clang, r-devel-linux-x86_64-fedora-gcc, r-devel-windows-x86_64, r-devel-windows-x86_64-gcc10-UCRT, r-patched-linux-x86_64, r-patched-solaris-x86, r-release-linux-x86_64, r-release-macos-arm64, r-release-macos-x86_64, r-release-windows-ix86+x86_64