CRAN Package Check Results for Package mwaved

Last updated on 2021-09-19 04:53:14 CEST.

Flavor Version Tinstall Tcheck Ttotal Status Flags
r-devel-linux-x86_64-debian-clang 1.1.7 34.99 73.47 108.46 WARN
r-devel-linux-x86_64-debian-gcc 1.1.7 23.97 55.58 79.55 WARN
r-devel-linux-x86_64-fedora-clang 1.1.7 140.48 OK
r-devel-linux-x86_64-fedora-gcc 1.1.7 128.23 OK
r-devel-windows-x86_64 1.1.7 28.00 113.00 141.00 OK
r-devel-windows-x86_64-gcc10-UCRT 1.1.7 ERROR
r-patched-linux-x86_64 1.1.7 29.93 68.94 98.87 WARN
r-patched-solaris-x86 1.1.7 154.30 OK
r-release-linux-x86_64 1.1.7 27.98 69.21 97.19 WARN
r-release-macos-arm64 1.1.7 OK
r-release-macos-x86_64 1.1.7 OK
r-release-windows-ix86+x86_64 1.1.7 67.00 105.00 172.00 OK
r-oldrel-macos-x86_64 1.1.7 OK
r-oldrel-windows-ix86+x86_64 1.1.7 69.00 101.00 170.00 OK

Check Details

Version: 1.1.7
Check: top-level files
Result: WARN
     Output from running autoreconf:
     configure.ac:70: warning: AC_OUTPUT should be used without arguments.
     configure.ac:70: You should run autoupdate.
Flavors: r-devel-linux-x86_64-debian-clang, r-devel-linux-x86_64-debian-gcc, r-patched-linux-x86_64, r-release-linux-x86_64

Version: 1.1.7
Check: whether package can be installed
Result: ERROR
    Installation failed.
Flavor: r-devel-windows-x86_64-gcc10-UCRT