CRAN Package Check Results for Package mxkssd

Last updated on 2021-11-30 06:49:31 CET.

Flavor Version Tinstall Tcheck Ttotal Status Flags
r-devel-linux-x86_64-debian-clang 1.1 2.09 19.84 21.93 NOTE
r-devel-linux-x86_64-debian-gcc 1.1 1.80 16.02 17.82 NOTE
r-devel-linux-x86_64-fedora-clang 1.1 38.55 NOTE
r-devel-linux-x86_64-fedora-gcc 1.1 27.64 NOTE
r-devel-windows-x86_64-new-UL 1.1 4.00 55.00 59.00 NOTE
r-devel-windows-x86_64-new-TK 1.1 NOTE
r-devel-windows-x86_64-old 1.1 4.00 36.00 40.00 NOTE
r-patched-linux-x86_64 1.1 1.66 19.50 21.16 NOTE
r-patched-solaris-x86 1.1 42.50 NOTE
r-release-linux-x86_64 1.1 1.76 19.33 21.09 NOTE
r-release-macos-arm64 1.1 NOTE
r-release-macos-x86_64 1.1 NOTE
r-release-windows-ix86+x86_64 1.1 5.00 34.00 39.00 NOTE
r-oldrel-macos-x86_64 1.1 NOTE
r-oldrel-windows-ix86+x86_64 1.1 4.00 33.00 37.00 NOTE

Check Details

Version: 1.1
Check: R code for possible problems
Result: NOTE
    mxkssd: no visible global function definition for 'txtProgressBar'
    mxkssd: no visible global function definition for 'setTxtProgressBar'
    Undefined global functions or variables:
     setTxtProgressBar txtProgressBar
    Consider adding
     importFrom("utils", "setTxtProgressBar", "txtProgressBar")
    to your NAMESPACE file.
Flavors: r-devel-linux-x86_64-debian-clang, r-devel-linux-x86_64-debian-gcc, r-devel-linux-x86_64-fedora-clang, r-devel-linux-x86_64-fedora-gcc, r-devel-windows-x86_64-new-UL, r-devel-windows-x86_64-new-TK, r-devel-windows-x86_64-old, r-patched-linux-x86_64, r-patched-solaris-x86, r-release-linux-x86_64, r-release-macos-arm64, r-release-macos-x86_64, r-release-windows-ix86+x86_64, r-oldrel-macos-x86_64, r-oldrel-windows-ix86+x86_64