CRAN Package Check Results for Package ncdf4.helpers

Last updated on 2021-10-17 07:50:50 CEST.

Flavor Version Tinstall Tcheck Ttotal Status Flags
r-devel-linux-x86_64-debian-clang 0.3-5 2.94 25.98 28.92 OK
r-devel-linux-x86_64-debian-gcc 0.3-6 2.21 20.18 22.39 OK
r-devel-linux-x86_64-fedora-clang 0.3-6 45.54 OK
r-devel-linux-x86_64-fedora-gcc 0.3-6 23.20 OK
r-devel-windows-x86_64 0.3-5 6.00 50.00 56.00 OK
r-devel-windows-x86_64-gcc10-UCRT 0.3-5 ERROR
r-patched-linux-x86_64 0.3-5 3.10 25.38 28.48 OK
r-patched-solaris-x86 0.3-6 52.30 OK
r-release-linux-x86_64 0.3-6 2.73 24.99 27.72 OK
r-release-macos-arm64 0.3-5 ERROR
r-release-macos-x86_64 0.3-5 ERROR
r-release-windows-ix86+x86_64 0.3-5 5.00 43.00 48.00 OK
r-oldrel-macos-x86_64 0.3-5 OK
r-oldrel-windows-ix86+x86_64 0.3-5 6.00 42.00 48.00 OK

Check Details

Version: 0.3-5
Check: tests
Result: ERROR
     Running 'testthat.R'
    Running the tests in 'tests/testthat.R' failed.
    Complete output:
     > library(testthat)
     > library(ncdf4.helpers)
     >
     > test_check("ncdf4.helpers")
     ══ Failed tests ════════════════════════════════════════════════════════════════
     ── Failure (test-file-functions.R:61:2): grid mappings are read and applied ────
     (latlon.data$x + 360)%%360 not equal to lon.dat[indices].
     4/4 mismatches (average diff: 112)
     [1] 329 - 233 == 96.2
     [2] 197 - 293 == -96.2
     [3] 208 - 336 == -128.2
     [4] 318 - 190 == 128.2
     ── Failure (test-file-functions.R:62:2): grid mappings are read and applied ────
     latlon.data$y not equal to lat.dat[indices].
     4/4 mismatches (average diff: 28)
     [1] 49.5 - 12.4 == 37.1
     [2] 49.5 - 12.4 == 37.1
     [3] 40.4 - 59.1 == -18.8
     [4] 40.4 - 59.1 == -18.8
    
     [ FAIL 2 | WARN 0 | SKIP 0 | PASS 45 ]
     Error: Test failures
     Execution halted
Flavor: r-devel-windows-x86_64-gcc10-UCRT

Version: 0.3-5
Check: tests
Result: ERROR
     Running ‘testthat.R’ [0s/1s]
    Running the tests in ‘tests/testthat.R’ failed.
    Last 13 lines of output:
     [1] 329 - 233 == 96.2
     [2] 197 - 293 == -96.2
     [3] 208 - 336 == -128.2
     [4] 318 - 190 == 128.2
     ── Failure (test-file-functions.R:62:2): grid mappings are read and applied ────
     latlon.data$y not equal to lat.dat[indices].
     4/4 mismatches (average diff: 28)
     [1] 49.5 - 12.4 == 37.1
     [2] 49.5 - 12.4 == 37.1
     [3] 40.4 - 59.1 == -18.8
     [4] 40.4 - 59.1 == -18.8
    
     [ FAIL 2 | WARN 0 | SKIP 0 | PASS 45 ]
     Error: Test failures
     Execution halted
Flavor: r-release-macos-arm64

Version: 0.3-5
Check: tests
Result: ERROR
     Running ‘testthat.R’ [1s/1s]
    Running the tests in ‘tests/testthat.R’ failed.
    Last 13 lines of output:
     [1] 329 - 233 == 96.2
     [2] 197 - 293 == -96.2
     [3] 208 - 336 == -128.2
     [4] 318 - 190 == 128.2
     ── Failure (test-file-functions.R:62:2): grid mappings are read and applied ────
     latlon.data$y not equal to lat.dat[indices].
     4/4 mismatches (average diff: 28)
     [1] 49.5 - 12.4 == 37.1
     [2] 49.5 - 12.4 == 37.1
     [3] 40.4 - 59.1 == -18.8
     [4] 40.4 - 59.1 == -18.8
    
     [ FAIL 2 | WARN 0 | SKIP 0 | PASS 45 ]
     Error: Test failures
     Execution halted
Flavor: r-release-macos-x86_64