CRAN Package Check Results for Package ncpen

Last updated on 2021-09-28 01:49:30 CEST.

Flavor Version Tinstall Tcheck Ttotal Status Flags
r-devel-linux-x86_64-debian-clang 1.0.0 70.14 44.62 114.76 NOTE
r-devel-linux-x86_64-debian-gcc 1.0.0 52.04 35.11 87.15 NOTE
r-devel-linux-x86_64-fedora-clang 1.0.0 165.44 NOTE
r-devel-linux-x86_64-fedora-gcc 1.0.0 150.54 NOTE
r-devel-windows-x86_64 1.0.0 60.00 60.00 120.00 NOTE
r-devel-windows-x86_64-gcc10-UCRT 1.0.0 NOTE
r-patched-linux-x86_64 1.0.0 63.27 43.24 106.51 NOTE
r-patched-solaris-x86 1.0.0 151.20 NOTE
r-release-linux-x86_64 1.0.0 59.76 42.86 102.62 NOTE
r-release-macos-arm64 1.0.0 NOTE
r-release-macos-x86_64 1.0.0 NOTE
r-release-windows-ix86+x86_64 1.0.0 158.00 80.00 238.00 NOTE
r-oldrel-macos-x86_64 1.0.0 NOTE
r-oldrel-windows-ix86+x86_64 1.0.0 113.00 78.00 191.00 OK

Check Details

Version: 1.0.0
Check: LazyData
Result: NOTE
     'LazyData' is specified without a 'data' directory
Flavors: r-devel-linux-x86_64-debian-clang, r-devel-linux-x86_64-debian-gcc, r-devel-linux-x86_64-fedora-clang, r-devel-linux-x86_64-fedora-gcc, r-devel-windows-x86_64, r-devel-windows-x86_64-gcc10-UCRT, r-patched-linux-x86_64, r-patched-solaris-x86, r-release-linux-x86_64, r-release-macos-arm64, r-release-macos-x86_64, r-release-windows-ix86+x86_64

Version: 1.0.0
Check: installed package size
Result: NOTE
     installed size is 6.1Mb
     sub-directories of 1Mb or more:
     libs 5.9Mb
Flavors: r-devel-linux-x86_64-fedora-clang, r-release-macos-arm64, r-release-macos-x86_64, r-oldrel-macos-x86_64