CRAN Package Check Results for Package neatStats

Last updated on 2024-03-05 09:53:02 CET.

Flavor Version Tinstall Tcheck Ttotal Status Flags
r-devel-linux-x86_64-debian-clang 1.13.3 8.51 113.52 122.03 NOTE
r-devel-linux-x86_64-debian-gcc 1.13.3 9.20 83.60 92.80 NOTE
r-devel-linux-x86_64-fedora-clang 1.13.3 156.44 NOTE
r-devel-linux-x86_64-fedora-gcc 1.13.3 156.73 NOTE
r-devel-windows-x86_64 1.13.3 11.00 102.00 113.00 NOTE
r-patched-linux-x86_64 1.13.3 20.76 107.91 128.67 OK
r-release-linux-x86_64 1.13.3 11.92 107.28 119.20 OK
r-release-macos-arm64 1.13.3 48.00 OK
r-release-macos-x86_64 1.13.3 67.00 OK
r-release-windows-x86_64 1.13.3 15.00 124.00 139.00 OK
r-oldrel-macos-arm64 1.13.3 39.00 OK
r-oldrel-windows-x86_64 1.13.3 16.00 125.00 141.00 OK

Check Details

Version: 1.13.3
Check: Rd files
Result: NOTE checkRd: (-1) norm_tests.Rd:69: Lost braces 69 | Anderson-Darling test." See url{https://github.com/Lakens/perfect-t-test} for | ^ checkRd: (-1) t_neat.Rd:243: Lost braces 243 | Anderson-Darling test." See url{https://github.com/Lakens/perfect-t-test} for | ^ Flavors: r-devel-linux-x86_64-debian-clang, r-devel-linux-x86_64-debian-gcc, r-devel-linux-x86_64-fedora-clang, r-devel-linux-x86_64-fedora-gcc, r-devel-windows-x86_64