CRAN Package Check Results for Package netgsa

Last updated on 2021-09-20 01:48:54 CEST.

Flavor Version Tinstall Tcheck Ttotal Status Flags
r-devel-linux-x86_64-debian-clang 4.0.1 76.12 266.53 342.65 OK
r-devel-linux-x86_64-debian-gcc 4.0.1 58.07 199.19 257.26 OK
r-devel-linux-x86_64-fedora-clang 4.0.1 427.89 NOTE
r-devel-linux-x86_64-fedora-gcc 4.0.1 387.67 OK
r-devel-windows-x86_64 4.0.1 72.00 228.00 300.00 OK
r-devel-windows-x86_64-gcc10-UCRT 4.0.1 ERROR
r-patched-linux-x86_64 4.0.1 76.37 253.92 330.29 OK
r-patched-solaris-x86 4.0.1 479.60 OK
r-release-linux-x86_64 4.0.1 66.36 252.91 319.27 OK
r-release-macos-arm64 4.0.1 NOTE
r-release-macos-x86_64 4.0.1 ERROR
r-release-windows-ix86+x86_64 4.0.1 144.00 346.00 490.00 NOTE
r-oldrel-macos-x86_64 4.0.1 ERROR
r-oldrel-windows-ix86+x86_64 4.0.1 156.00 332.00 488.00 NOTE

Check Details

Version: 4.0.1
Check: package dependencies
Result: NOTE
    Imports includes 22 non-default packages.
    Importing from so many packages makes the package vulnerable to any of
    them becoming unavailable. Move as many as possible to Suggests and
    use conditionally.
Flavor: r-devel-linux-x86_64-fedora-clang

Version: 4.0.1
Check: installed package size
Result: NOTE
     installed size is 20.5Mb
     sub-directories of 1Mb or more:
     doc 2.8Mb
     libs 16.8Mb
Flavors: r-devel-linux-x86_64-fedora-clang, r-release-macos-arm64, r-release-windows-ix86+x86_64, r-oldrel-windows-ix86+x86_64

Version: 4.0.1
Check: package dependencies
Result: ERROR
    Package required but not available: 'RCy3'
    
    See section 'The DESCRIPTION file' in the 'Writing R Extensions'
    manual.
Flavor: r-devel-windows-x86_64-gcc10-UCRT

Version: 4.0.1
Check: package dependencies
Result: ERROR
    Packages required but not available: 'ndexr', 'org.Hs.eg.db'
    
    See section ‘The DESCRIPTION file’ in the ‘Writing R Extensions’
    manual.
Flavor: r-release-macos-x86_64

Version: 4.0.1
Check: package dependencies
Result: ERROR
    Package required but not available: ‘ndexr’
    
    See section ‘The DESCRIPTION file’ in the ‘Writing R Extensions’
    manual.
Flavor: r-oldrel-macos-x86_64