CRAN Package Check Results for Package networktree

Last updated on 2021-10-16 07:49:14 CEST.

Flavor Version Tinstall Tcheck Ttotal Status Flags
r-devel-linux-x86_64-debian-clang 1.0.1 7.94 70.09 78.03 OK
r-devel-linux-x86_64-debian-gcc 1.0.1 7.76 54.35 62.11 OK
r-devel-linux-x86_64-fedora-clang 1.0.1 105.26 NOTE
r-devel-linux-x86_64-fedora-gcc 1.0.1 94.88 NOTE
r-devel-windows-x86_64 1.0.1 12.00 73.00 85.00 OK
r-devel-windows-x86_64-gcc10-UCRT 1.0.1 NOTE
r-patched-linux-x86_64 1.0.1 8.96 67.68 76.64 OK
r-patched-solaris-x86 1.0.1 143.30 NOTE
r-release-linux-x86_64 1.0.1 8.57 68.45 77.02 OK
r-release-macos-arm64 1.0.1 NOTE
r-release-macos-x86_64 1.0.1 NOTE
r-release-windows-ix86+x86_64 1.0.1 21.00 93.00 114.00 OK
r-oldrel-macos-x86_64 1.0.1 NOTE
r-oldrel-windows-ix86+x86_64 1.0.1 21.00 91.00 112.00 OK

Check Details

Version: 1.0.1
Check: data for non-ASCII characters
Result: NOTE
     Note: found 2 marked Latin-1 strings
Flavors: r-devel-linux-x86_64-fedora-clang, r-devel-linux-x86_64-fedora-gcc, r-devel-windows-x86_64-gcc10-UCRT, r-patched-solaris-x86, r-release-macos-arm64, r-release-macos-x86_64, r-oldrel-macos-x86_64