CRAN Package Check Results for Package neurocInstall

Last updated on 2021-10-28 10:51:43 CEST.

Flavor Version Tinstall Tcheck Ttotal Status Flags
r-devel-linux-x86_64-debian-clang 0.12.0 5.79 54.21 60.00 NOTE
r-devel-linux-x86_64-debian-gcc 0.12.0 4.73 40.20 44.93 NOTE
r-devel-linux-x86_64-fedora-clang 0.12.0 81.28 NOTE
r-devel-linux-x86_64-fedora-gcc 0.12.0 71.58 NOTE
r-devel-windows-x86_64 0.12.0 10.00 64.00 74.00 NOTE
r-devel-windows-x86_64-gcc10-UCRT 0.12.0 NOTE
r-patched-linux-x86_64 0.12.0 5.86 51.97 57.83 NOTE
r-patched-solaris-x86 0.12.0 102.50 NOTE
r-release-linux-x86_64 0.12.0 6.24 51.86 58.10 NOTE
r-release-macos-arm64 0.12.0 NOTE
r-release-macos-x86_64 0.12.0 NOTE
r-release-windows-ix86+x86_64 0.12.0 11.00 77.00 88.00 NOTE
r-oldrel-macos-x86_64 0.12.0 OK
r-oldrel-windows-ix86+x86_64 0.12.0 10.00 75.00 85.00 OK

Check Details

Version: 0.12.0
Check: LazyData
Result: NOTE
     'LazyData' is specified without a 'data' directory
Flavors: r-devel-linux-x86_64-debian-clang, r-devel-linux-x86_64-debian-gcc, r-devel-linux-x86_64-fedora-clang, r-devel-linux-x86_64-fedora-gcc, r-devel-windows-x86_64, r-devel-windows-x86_64-gcc10-UCRT, r-patched-linux-x86_64, r-patched-solaris-x86, r-release-linux-x86_64, r-release-macos-arm64, r-release-macos-x86_64, r-release-windows-ix86+x86_64