CRAN Package Check Results for Package neuronorm

Last updated on 2021-12-02 15:52:46 CET.

Flavor Version Tinstall Tcheck Ttotal Status Flags
r-devel-linux-x86_64-debian-clang 1.0.1 2.26 24.51 26.77 NOTE
r-devel-linux-x86_64-debian-gcc 1.0.1 1.80 19.35 21.15 NOTE
r-devel-linux-x86_64-fedora-clang 1.0.1 45.15 NOTE
r-devel-linux-x86_64-fedora-gcc 1.0.1 33.59 NOTE
r-patched-linux-x86_64 1.0.1 2.17 23.40 25.57 NOTE
r-patched-solaris-x86 1.0.1 49.50 NOTE
r-release-linux-x86_64 1.0.1 2.26 23.32 25.58 NOTE
r-release-macos-arm64 1.0.1 NOTE
r-release-macos-x86_64 1.0.1 NOTE
r-oldrel-macos-x86_64 1.0.1 NOTE

Check Details

Version: 1.0.1
Check: package dependencies
Result: NOTE
    Packages suggested but not available for checking:
     'ANTsR', 'ITKR', 'extrantsr', 'MNITemplate', 'RAVEL', 'neurodata'
Flavors: r-devel-linux-x86_64-debian-clang, r-devel-linux-x86_64-debian-gcc, r-devel-linux-x86_64-fedora-clang, r-devel-linux-x86_64-fedora-gcc, r-patched-linux-x86_64, r-patched-solaris-x86, r-release-linux-x86_64, r-release-macos-arm64, r-release-macos-x86_64, r-oldrel-macos-x86_64

Version: 1.0.1
Check: dependencies in R code
Result: NOTE
    Namespace in Imports field not imported from: ‘knitr’
     All declared Imports should be used.
Flavors: r-devel-linux-x86_64-fedora-clang, r-devel-linux-x86_64-fedora-gcc, r-patched-solaris-x86, r-release-macos-arm64, r-release-macos-x86_64, r-oldrel-macos-x86_64