CRAN Package Check Results for Package nhlscrape

Last updated on 2021-09-17 04:49:26 CEST.

Flavor Version Tinstall Tcheck Ttotal Status Flags
r-devel-linux-x86_64-debian-clang 0.1.3 2.32 29.61 31.93 NOTE
r-devel-linux-x86_64-debian-gcc 0.1.3 2.12 23.12 25.24 NOTE
r-devel-linux-x86_64-fedora-clang 0.1.3 47.46 NOTE
r-devel-linux-x86_64-fedora-gcc 0.1.3 36.84 NOTE
r-devel-windows-x86_64 0.1.3 5.00 49.00 54.00 NOTE
r-devel-windows-x86_64-gcc10-UCRT 0.1.3 NOTE
r-patched-linux-x86_64 0.1.3 2.36 28.33 30.69 NOTE
r-patched-solaris-x86 0.1.3 58.40 NOTE
r-release-linux-x86_64 0.1.3 2.67 28.55 31.22 NOTE
r-release-macos-arm64 0.1.3 NOTE
r-release-macos-x86_64 0.1.3 NOTE
r-release-windows-ix86+x86_64 0.1.3 6.00 38.00 44.00 NOTE
r-oldrel-macos-x86_64 0.1.3 OK
r-oldrel-windows-ix86+x86_64 0.1.3 4.00 42.00 46.00 OK

Check Details

Version: 0.1.3
Check: LazyData
Result: NOTE
     'LazyData' is specified without a 'data' directory
Flavors: r-devel-linux-x86_64-debian-clang, r-devel-linux-x86_64-debian-gcc, r-devel-linux-x86_64-fedora-clang, r-devel-linux-x86_64-fedora-gcc, r-devel-windows-x86_64, r-devel-windows-x86_64-gcc10-UCRT, r-patched-linux-x86_64, r-patched-solaris-x86, r-release-linux-x86_64, r-release-macos-arm64, r-release-macos-x86_64, r-release-windows-ix86+x86_64