CRAN Package Check Results for Package nima

Last updated on 2021-10-25 01:48:54 CEST.

Flavor Version Tinstall Tcheck Ttotal Status Flags
r-devel-linux-x86_64-debian-clang 0.6.2 6.02 55.13 61.15 NOTE
r-devel-linux-x86_64-debian-gcc 0.6.2 4.49 41.81 46.30 NOTE
r-devel-linux-x86_64-fedora-clang 0.6.2 82.17 NOTE
r-devel-linux-x86_64-fedora-gcc 0.6.2 70.55 NOTE
r-devel-windows-x86_64 0.6.2 11.00 78.00 89.00 NOTE
r-devel-windows-x86_64-gcc10-UCRT 0.6.2 NOTE
r-patched-linux-x86_64 0.6.2 5.34 52.11 57.45 NOTE
r-patched-solaris-x86 0.6.2 106.80 NOTE
r-release-linux-x86_64 0.6.2 4.83 51.72 56.55 NOTE
r-release-macos-arm64 0.6.2 NOTE
r-release-macos-x86_64 0.6.2 NOTE
r-release-windows-ix86+x86_64 0.6.2 10.00 76.00 86.00 NOTE
r-oldrel-macos-x86_64 0.6.2 OK
r-oldrel-windows-ix86+x86_64 0.6.2 15.00 79.00 94.00 OK

Check Details

Version: 0.6.2
Check: LazyData
Result: NOTE
     'LazyData' is specified without a 'data' directory
Flavors: r-devel-linux-x86_64-debian-clang, r-devel-linux-x86_64-debian-gcc, r-devel-linux-x86_64-fedora-clang, r-devel-linux-x86_64-fedora-gcc, r-devel-windows-x86_64, r-devel-windows-x86_64-gcc10-UCRT, r-patched-linux-x86_64, r-patched-solaris-x86, r-release-linux-x86_64, r-release-macos-arm64, r-release-macos-x86_64, r-release-windows-ix86+x86_64