CRAN Package Check Results for Package nlraa

Last updated on 2021-12-01 15:52:04 CET.

Flavor Version Tinstall Tcheck Ttotal Status Flags
r-devel-linux-x86_64-debian-clang 0.98 20.71 411.35 432.06 OK
r-devel-linux-x86_64-debian-gcc 0.98 15.13 303.31 318.44 OK
r-devel-linux-x86_64-fedora-clang 0.98 512.86 OK
r-devel-linux-x86_64-fedora-gcc 0.98 507.74 OK
r-devel-windows-x86_64-new-UL 0.98 39.00 499.00 538.00 OK
r-devel-windows-x86_64-new-TK 0.98 OK
r-devel-windows-x86_64-old 0.98 28.00 351.00 379.00 OK
r-patched-linux-x86_64 0.98 17.77 397.46 415.23 OK
r-patched-solaris-x86 0.98 292.80 NOTE
r-release-linux-x86_64 0.98 17.70 401.62 419.32 OK
r-release-macos-arm64 0.98 OK
r-release-macos-x86_64 0.98 OK
r-release-windows-ix86+x86_64 0.98 34.00 352.00 386.00 OK
r-oldrel-macos-x86_64 0.98 OK
r-oldrel-windows-ix86+x86_64 0.98 25.00 359.00 384.00 OK

Check Details

Version: 0.98
Check: installed package size
Result: NOTE
     installed size is 5.1Mb
     sub-directories of 1Mb or more:
     doc 3.5Mb
Flavor: r-patched-solaris-x86