CRAN Package Check Results for Package nlstac

Last updated on 2022-05-21 07:55:30 CEST.

Flavor Version Tinstall Tcheck Ttotal Status Flags
r-devel-linux-x86_64-debian-clang 0.1.0 3.19 40.22 43.41 NOTE
r-devel-linux-x86_64-debian-gcc 0.1.0 2.14 31.28 33.42 NOTE
r-devel-linux-x86_64-fedora-clang 0.1.0 53.41 NOTE
r-devel-linux-x86_64-fedora-gcc 0.1.0 50.56 NOTE
r-devel-windows-x86_64 0.1.0 12.00 57.00 69.00 NOTE
r-patched-linux-x86_64 0.1.0 3.08 39.49 42.57 NOTE
r-release-linux-x86_64 0.1.0 2.50 39.09 41.59 NOTE
r-release-macos-arm64 0.1.0 20.00 NOTE
r-release-macos-x86_64 0.1.0 26.00 NOTE
r-release-windows-x86_64 0.1.0 15.00 57.00 72.00 NOTE
r-oldrel-macos-arm64 0.1.0 26.00 NOTE
r-oldrel-macos-x86_64 0.1.0 30.00 NOTE
r-oldrel-windows-ix86+x86_64 0.1.0 7.00 50.00 57.00 NOTE

Check Details

Version: 0.1.0
Check: LazyData
Result: NOTE
     'LazyData' is specified without a 'data' directory
Flavors: r-devel-linux-x86_64-debian-clang, r-devel-linux-x86_64-debian-gcc, r-devel-linux-x86_64-fedora-clang, r-devel-linux-x86_64-fedora-gcc, r-devel-windows-x86_64, r-patched-linux-x86_64, r-release-linux-x86_64, r-release-macos-arm64, r-release-macos-x86_64, r-release-windows-x86_64, r-oldrel-macos-arm64, r-oldrel-macos-x86_64, r-oldrel-windows-ix86+x86_64